Last updated on 2023-03-31 16:53:58 CEST.
Flavor | Version | Tinstall | Tcheck | Ttotal | Status | Flags |
---|---|---|---|---|---|---|
r-devel-linux-x86_64-debian-clang | 0.2.1 | 24.89 | 37.89 | 62.78 | OK | |
r-devel-linux-x86_64-debian-gcc | 0.2.1 | 20.66 | 29.17 | 49.83 | OK | |
r-devel-linux-x86_64-fedora-clang | 0.2.1 | 89.75 | NOTE | |||
r-devel-linux-x86_64-fedora-gcc | 0.2.1 | 94.61 | NOTE | |||
r-devel-windows-x86_64 | 0.2.1 | 63.00 | 104.00 | 167.00 | OK | |
r-patched-linux-x86_64 | 0.2.1 | 22.67 | 36.01 | 58.68 | OK | |
r-release-linux-x86_64 | 0.2.1 | 19.06 | 37.79 | 56.85 | OK | |
r-release-macos-arm64 | 0.2.1 | 29.00 | NOTE | |||
r-release-macos-x86_64 | 0.2.1 | 40.00 | NOTE | |||
r-release-windows-x86_64 | 0.2.1 | 84.00 | 108.00 | 192.00 | OK | |
r-oldrel-macos-arm64 | 0.2.1 | 28.00 | NOTE | |||
r-oldrel-macos-x86_64 | 0.2.1 | 48.00 | NOTE | |||
r-oldrel-windows-ix86+x86_64 | 0.2.1 | 76.00 | 99.00 | 175.00 | OK |
Version: 0.2.1
Check: dependencies in R code
Result: NOTE
Namespace in Imports field not imported from: ‘stats’
All declared Imports should be used.
Flavors: r-devel-linux-x86_64-fedora-clang, r-devel-linux-x86_64-fedora-gcc, r-release-macos-arm64, r-release-macos-x86_64, r-oldrel-macos-arm64, r-oldrel-macos-x86_64