CRAN Package Check Results for Package RcmdrPlugin.NMBU

Last updated on 2021-10-27 00:51:15 CEST.

Flavor Version Tinstall Tcheck Ttotal Status Flags
r-devel-linux-x86_64-debian-clang 1.8.12 29.23 159.92 189.15 NOTE
r-devel-linux-x86_64-debian-gcc 1.8.12 22.49 121.59 144.08 NOTE
r-devel-linux-x86_64-fedora-clang 1.8.12 245.52 NOTE
r-devel-linux-x86_64-fedora-gcc 1.8.12 233.31 NOTE
r-devel-windows-x86_64 1.8.12 37.00 167.00 204.00 NOTE
r-devel-windows-x86_64-gcc10-UCRT 1.8.12 NOTE
r-patched-linux-x86_64 1.8.12 27.19 155.26 182.45 NOTE
r-patched-solaris-x86 1.8.12 344.60 NOTE
r-release-linux-x86_64 1.8.12 28.67 155.28 183.95 NOTE
r-release-macos-arm64 1.8.12 NOTE
r-release-macos-x86_64 1.8.12 NOTE
r-release-windows-ix86+x86_64 1.8.12 36.00 174.00 210.00 NOTE
r-oldrel-macos-x86_64 1.8.12 OK
r-oldrel-windows-ix86+x86_64 1.8.12 57.00 182.00 239.00 OK

Check Details

Version: 1.8.12
Check: LazyData
Result: NOTE
     'LazyData' is specified without a 'data' directory
Flavors: r-devel-linux-x86_64-debian-clang, r-devel-linux-x86_64-debian-gcc, r-devel-linux-x86_64-fedora-clang, r-devel-linux-x86_64-fedora-gcc, r-devel-windows-x86_64, r-devel-windows-x86_64-gcc10-UCRT, r-patched-linux-x86_64, r-patched-solaris-x86, r-release-linux-x86_64, r-release-macos-arm64, r-release-macos-x86_64, r-release-windows-ix86+x86_64