Last updated on 2023-03-28 09:53:56 CEST.
Flavor | Version | Tinstall | Tcheck | Ttotal | Status | Flags |
---|---|---|---|---|---|---|
r-devel-linux-x86_64-debian-clang | 0.2.12 | 43.73 | 29.79 | 73.52 | NOTE | |
r-devel-linux-x86_64-debian-gcc | 0.2.12 | 31.94 | 23.80 | 55.74 | NOTE | |
r-devel-linux-x86_64-fedora-clang | 0.2.12 | 127.80 | NOTE | |||
r-devel-linux-x86_64-fedora-gcc | 0.2.12 | 103.37 | NOTE | |||
r-patched-linux-x86_64 | 0.2.12 | 40.62 | 29.30 | 69.92 | NOTE | |
r-release-linux-x86_64 | 0.2.12 | 38.62 | 29.94 | 68.56 | OK | |
r-release-macos-arm64 | 0.2.12 | 35.00 | OK | |||
r-release-macos-x86_64 | 0.2.12 | 43.00 | OK | |||
r-release-windows-x86_64 | 0.2.12 | 66.00 | 83.00 | 149.00 | OK | |
r-oldrel-macos-arm64 | 0.2.12 | 36.00 | OK | |||
r-oldrel-macos-x86_64 | 0.2.12 | 46.00 | OK | |||
r-oldrel-windows-ix86+x86_64 | 0.2.12 | 123.00 | 97.00 | 220.00 | OK |
Version: 0.2.12
Check: C++ specification
Result: NOTE
Specified C++11: please drop specification unless essential
Flavors: r-devel-linux-x86_64-debian-clang, r-devel-linux-x86_64-debian-gcc, r-devel-linux-x86_64-fedora-clang, r-devel-linux-x86_64-fedora-gcc, r-patched-linux-x86_64