Last updated on 2023-03-31 08:54:10 CEST.
Flavor | Version | Tinstall | Tcheck | Ttotal | Status | Flags |
---|---|---|---|---|---|---|
r-devel-linux-x86_64-debian-clang | 0.3.0 | 74.61 | 145.71 | 220.32 | NOTE | |
r-devel-linux-x86_64-debian-gcc | 0.3.0 | 66.52 | 107.48 | 174.00 | NOTE | |
r-devel-linux-x86_64-fedora-clang | 0.3.0 | 282.18 | NOTE | |||
r-devel-linux-x86_64-fedora-gcc | 0.3.0 | 294.83 | NOTE | |||
r-devel-windows-x86_64 | 0.3.0 | 81.00 | 0.00 | 81.00 | NOTE | |
r-patched-linux-x86_64 | 0.3.0 | 58.08 | 138.33 | 196.41 | NOTE | |
r-release-linux-x86_64 | 0.3.0 | 53.26 | 137.99 | 191.25 | OK | |
r-release-macos-arm64 | 0.3.0 | 83.00 | NOTE | |||
r-release-macos-x86_64 | 0.3.0 | 99.00 | NOTE | |||
r-release-windows-x86_64 | 0.3.0 | 69.00 | 193.00 | 262.00 | OK | |
r-oldrel-macos-arm64 | 0.3.0 | 76.00 | NOTE | |||
r-oldrel-macos-x86_64 | 0.3.0 | 93.00 | NOTE | |||
r-oldrel-windows-ix86+x86_64 | 0.3.0 | 185.00 | 235.00 | 420.00 | OK |
Version: 0.3.0
Check: C++ specification
Result: NOTE
Specified C++11: please drop specification unless essential
Flavors: r-devel-linux-x86_64-debian-clang, r-devel-linux-x86_64-debian-gcc, r-devel-linux-x86_64-fedora-clang, r-devel-linux-x86_64-fedora-gcc, r-devel-windows-x86_64, r-patched-linux-x86_64
Version: 0.3.0
Check: package subdirectories
Result: NOTE
Problems with news in ‘NEWS.md’:
No news entries found.
Flavors: r-devel-linux-x86_64-debian-clang, r-devel-linux-x86_64-debian-gcc, r-devel-linux-x86_64-fedora-clang, r-devel-linux-x86_64-fedora-gcc, r-devel-windows-x86_64, r-patched-linux-x86_64
Version: 0.3.0
Check: installed package size
Result: NOTE
installed size is 8.3Mb
sub-directories of 1Mb or more:
libs 8.1Mb
Flavors: r-release-macos-arm64, r-release-macos-x86_64, r-oldrel-macos-arm64, r-oldrel-macos-x86_64