Last updated on 2025-01-18 23:48:33 CET.
Flavor | Version | Tinstall | Tcheck | Ttotal | Status | Flags |
---|---|---|---|---|---|---|
r-devel-linux-x86_64-debian-clang | 0.1.7 | 37.54 | 40.03 | 77.57 | NOTE | |
r-devel-linux-x86_64-debian-gcc | 0.1.7 | 25.71 | 31.94 | 57.65 | NOTE | |
r-devel-linux-x86_64-fedora-clang | 0.1.7 | 144.05 | NOTE | |||
r-devel-linux-x86_64-fedora-gcc | 0.1.7 | 157.67 | NOTE | |||
r-devel-windows-x86_64 | 0.1.7 | 40.00 | 106.00 | 146.00 | NOTE | |
r-patched-linux-x86_64 | 0.1.7 | 34.01 | 38.47 | 72.48 | NOTE | |
r-release-linux-x86_64 | 0.1.7 | 36.78 | 38.68 | 75.46 | NOTE | |
r-release-macos-arm64 | 0.1.7 | 49.00 | NOTE | |||
r-release-macos-x86_64 | 0.1.7 | 59.00 | NOTE | |||
r-release-windows-x86_64 | 0.1.7 | 40.00 | 100.00 | 140.00 | NOTE | |
r-oldrel-macos-arm64 | 0.1.7 | 42.00 | NOTE | |||
r-oldrel-macos-x86_64 | 0.1.7 | 81.00 | NOTE | |||
r-oldrel-windows-x86_64 | 0.1.7 | 46.00 | 109.00 | 155.00 | NOTE |
Version: 0.1.7
Check: C++ specification
Result: NOTE
Specified C++11: please drop specification unless essential
Flavors: r-devel-linux-x86_64-debian-clang, r-devel-linux-x86_64-debian-gcc, r-devel-linux-x86_64-fedora-clang, r-devel-linux-x86_64-fedora-gcc, r-devel-windows-x86_64, r-patched-linux-x86_64, r-release-linux-x86_64, r-release-macos-arm64, r-release-macos-x86_64, r-release-windows-x86_64, r-oldrel-macos-arm64, r-oldrel-macos-x86_64, r-oldrel-windows-x86_64