Last updated on 2023-06-01 16:56:33 CEST.
Flavor | Version | Tinstall | Tcheck | Ttotal | Status | Flags |
---|---|---|---|---|---|---|
r-devel-linux-x86_64-debian-clang | 0.3.3.9.3 | 83.66 | 86.75 | 170.41 | OK | |
r-devel-linux-x86_64-debian-gcc | 0.3.3.9.3 | 67.42 | 71.02 | 138.44 | OK | |
r-devel-linux-x86_64-fedora-clang | 0.3.3.9.3 | 206.23 | NOTE | |||
r-devel-linux-x86_64-fedora-gcc | 0.3.3.9.3 | 263.54 | OK | |||
r-devel-windows-x86_64 | 0.3.3.9.3 | 66.00 | 263.00 | 329.00 | NOTE | |
r-patched-linux-x86_64 | 0.3.3.9.3 | OK | ||||
r-release-linux-x86_64 | 0.3.3.9.3 | 68.80 | 88.05 | 156.85 | OK | |
r-release-macos-arm64 | 0.3.3.9.3 | 124.00 | NOTE | |||
r-release-macos-x86_64 | 0.3.3.9.3 | 193.00 | NOTE | |||
r-release-windows-x86_64 | 0.3.3.9.3 | 84.00 | 251.00 | 335.00 | NOTE | |
r-oldrel-macos-arm64 | 0.3.3.9.3 | 123.00 | NOTE | |||
r-oldrel-macos-x86_64 | 0.3.3.9.3 | 133.00 | NOTE | |||
r-oldrel-windows-x86_64 | 0.3.3.9.3 | 75.00 | 232.00 | 307.00 | NOTE |
Version: 0.3.3.9.3
Check: installed package size
Result: NOTE
installed size is 8.9Mb
sub-directories of 1Mb or more:
include 7.9Mb
Flavors: r-devel-linux-x86_64-fedora-clang, r-devel-windows-x86_64, r-release-macos-arm64, r-release-macos-x86_64, r-release-windows-x86_64, r-oldrel-macos-arm64, r-oldrel-macos-x86_64, r-oldrel-windows-x86_64