Last updated on 2023-03-30 20:49:21 CEST.
Flavor | Version | Tinstall | Tcheck | Ttotal | Status | Flags |
---|---|---|---|---|---|---|
r-devel-linux-x86_64-debian-clang | 0.2.19.0.1 | 32.60 | 30.84 | 63.44 | NOTE | |
r-devel-linux-x86_64-debian-gcc | 0.2.19.0.1 | 28.94 | 24.76 | 53.70 | NOTE | |
r-devel-linux-x86_64-fedora-clang | 0.2.19.0.1 | 96.67 | NOTE | |||
r-devel-linux-x86_64-fedora-gcc | 0.2.19.0.1 | 99.98 | NOTE | |||
r-devel-windows-x86_64 | 0.2.19.0.1 | 520.00 | 107.00 | 627.00 | NOTE | |
r-patched-linux-x86_64 | 0.2.19.0.1 | 29.59 | 30.48 | 60.07 | NOTE | |
r-release-linux-x86_64 | 0.2.19.0.1 | 29.32 | 31.28 | 60.60 | OK | |
r-release-macos-arm64 | 0.2.19.0.1 | 28.00 | OK | |||
r-release-macos-x86_64 | 0.2.19.0.1 | 41.00 | OK | |||
r-release-windows-x86_64 | 0.2.19.0.1 | 457.00 | 102.00 | 559.00 | OK | |
r-oldrel-macos-arm64 | 0.2.19.0.1 | 36.00 | OK | |||
r-oldrel-macos-x86_64 | 0.2.19.0.1 | 39.00 | OK | |||
r-oldrel-windows-ix86+x86_64 | 0.2.19.0.1 | 93.00 | 91.00 | 184.00 | OK |
Version: 0.2.19.0.1
Check: C++ specification
Result: NOTE
Specified C++11: please drop specification unless essential
Flavors: r-devel-linux-x86_64-debian-clang, r-devel-linux-x86_64-debian-gcc, r-devel-linux-x86_64-fedora-clang, r-devel-linux-x86_64-fedora-gcc, r-devel-windows-x86_64, r-patched-linux-x86_64