Last updated on 2023-03-23 07:54:37 CET.
Flavor | Version | Tinstall | Tcheck | Ttotal | Status | Flags |
---|---|---|---|---|---|---|
r-devel-linux-x86_64-debian-clang | 0.1.9 | 69.15 | 26.96 | 96.11 | NOTE | |
r-devel-linux-x86_64-debian-gcc | 0.1.9 | 47.73 | 21.66 | 69.39 | NOTE | |
r-devel-linux-x86_64-fedora-clang | 0.1.9 | 144.31 | NOTE | |||
r-devel-linux-x86_64-fedora-gcc | 0.1.9 | 118.46 | NOTE | |||
r-devel-windows-x86_64 | 0.1.9 | 66.00 | 75.00 | 141.00 | OK | |
r-patched-linux-x86_64 | 0.1.9 | 51.48 | 27.64 | 79.12 | OK | |
r-release-linux-x86_64 | 0.1.9 | 54.05 | 27.73 | 81.78 | OK | |
r-release-macos-arm64 | 0.1.9 | 38.00 | OK | |||
r-release-macos-x86_64 | 0.1.9 | 43.00 | OK | |||
r-release-windows-x86_64 | 0.1.9 | 67.00 | 100.00 | 167.00 | OK | |
r-oldrel-macos-arm64 | 0.1.9 | 40.00 | OK | |||
r-oldrel-macos-x86_64 | 0.1.9 | 58.00 | OK | |||
r-oldrel-windows-ix86+x86_64 | 0.1.9 | 154.00 | 103.00 | 257.00 | OK |
Version: 0.1.9
Check: C++ specification
Result: NOTE
Specified C++11: please drop specification unless essential
Flavors: r-devel-linux-x86_64-debian-clang, r-devel-linux-x86_64-debian-gcc, r-devel-linux-x86_64-fedora-clang, r-devel-linux-x86_64-fedora-gcc