CRAN Package Check Results for Package RcppGetconf

Last updated on 2023-03-28 12:54:51 CEST.

Flavor Version Tinstall Tcheck Ttotal Status Flags
r-devel-linux-x86_64-debian-clang 0.0.3 23.06 26.30 49.36 OK
r-devel-linux-x86_64-debian-gcc 0.0.3 14.11 20.54 34.65 OK
r-devel-linux-x86_64-fedora-clang 0.0.3 66.33 NOTE
r-devel-linux-x86_64-fedora-gcc 0.0.3 61.97 NOTE
r-patched-linux-x86_64 0.0.3 17.85 25.28 43.13 OK
r-release-linux-x86_64 0.0.3 13.75 26.92 40.67 OK
r-release-macos-arm64 0.0.3 21.00 OK
r-release-macos-x86_64 0.0.3 28.00 OK
r-oldrel-macos-arm64 0.0.3 25.00 OK
r-oldrel-macos-x86_64 0.0.3 33.00 OK

Check Details

Version: 0.0.3
Check: top-level files
Result: NOTE
    ‘configure’: /bin/bash is not portable
Flavors: r-devel-linux-x86_64-fedora-clang, r-devel-linux-x86_64-fedora-gcc