CRAN Package Check Results for Package RcppJagger

Last updated on 2024-03-03 00:16:02 CET.

Flavor Version Tinstall Tcheck Ttotal Status Flags
r-devel-linux-x86_64-debian-clang 0.0.2 23.26 31.91 55.17 OK
r-devel-linux-x86_64-debian-gcc 0.0.2 23.01 24.63 47.64 OK
r-devel-linux-x86_64-fedora-clang 0.0.2 81.24 NOTE
r-devel-linux-x86_64-fedora-gcc 0.0.2 77.12 NOTE
r-devel-windows-x86_64 0.0.2 25.00 73.00 98.00 OK
r-patched-linux-x86_64 0.0.2 29.76 31.17 60.93 OK
r-release-linux-x86_64 0.0.2 31.23 31.11 62.34 OK
r-release-macos-arm64 0.0.2 28.00 OK
r-release-macos-x86_64 0.0.2 40.00 OK
r-release-windows-x86_64 0.0.2 32.00 80.00 112.00 OK
r-oldrel-macos-arm64 0.0.2 29.00 OK
r-oldrel-windows-x86_64 0.0.2 28.00 78.00 106.00 OK

Check Details

Version: 0.0.2
Check: data for non-ASCII characters
Result: NOTE Note: found 1 marked UTF-8 string Flavors: r-devel-linux-x86_64-fedora-clang, r-devel-linux-x86_64-fedora-gcc