CRAN Package Check Results for Package RcppNumerical

Last updated on 2021-12-04 15:51:26 CET.

Flavor Version Tinstall Tcheck Ttotal Status Flags
r-devel-linux-x86_64-debian-clang 0.4-0 35.51 152.69 188.20 NOTE
r-devel-linux-x86_64-debian-gcc 0.4-0 28.58 119.82 148.40 NOTE
r-devel-linux-x86_64-fedora-clang 0.4-0 260.87 NOTE
r-devel-linux-x86_64-fedora-gcc 0.4-0 239.96 NOTE
r-devel-windows-x86_64-new-UL 0.4-0 52.00 238.00 290.00 NOTE
r-devel-windows-x86_64-new-TK 0.4-0 NOTE
r-devel-windows-x86_64-old 0.4-0 57.00 179.00 236.00 NOTE
r-patched-linux-x86_64 0.4-0 35.71 147.32 183.03 NOTE
r-release-linux-x86_64 0.4-0 37.17 145.24 182.41 NOTE
r-release-macos-arm64 0.4-0 NOTE
r-release-macos-x86_64 0.4-0 NOTE
r-release-windows-ix86+x86_64 0.4-0 98.00 204.00 302.00 NOTE
r-oldrel-macos-x86_64 0.4-0 NOTE
r-oldrel-windows-ix86+x86_64 0.4-0 100.00 214.00 314.00 OK

Check Details

Version: 0.4-0
Check: LazyData
Result: NOTE
     'LazyData' is specified without a 'data' directory
Flavors: r-devel-linux-x86_64-debian-clang, r-devel-linux-x86_64-debian-gcc, r-devel-linux-x86_64-fedora-clang, r-devel-linux-x86_64-fedora-gcc, r-devel-windows-x86_64-new-UL, r-devel-windows-x86_64-new-TK, r-devel-windows-x86_64-old, r-patched-linux-x86_64, r-release-linux-x86_64, r-release-macos-arm64, r-release-macos-x86_64, r-release-windows-ix86+x86_64

Version: 0.4-0
Check: installed package size
Result: NOTE
     installed size is 6.1Mb
     sub-directories of 1Mb or more:
     libs 5.7Mb
Flavors: r-release-macos-arm64, r-release-macos-x86_64, r-oldrel-macos-x86_64