Last updated on 2023-03-23 03:53:30 CET.
Flavor | Version | Tinstall | Tcheck | Ttotal | Status | Flags |
---|---|---|---|---|---|---|
r-devel-linux-x86_64-debian-clang | 0.5-0 | 40.14 | 159.60 | 199.74 | OK | |
r-devel-linux-x86_64-debian-gcc | 0.5-0 | 33.13 | 133.05 | 166.18 | OK | |
r-devel-linux-x86_64-fedora-clang | 0.5-0 | 248.59 | OK | |||
r-devel-linux-x86_64-fedora-gcc | 0.5-0 | 288.83 | OK | |||
r-devel-windows-x86_64 | 0.5-0 | 59.00 | 218.00 | 277.00 | OK | |
r-patched-linux-x86_64 | 0.5-0 | 39.38 | 157.99 | 197.37 | OK | |
r-release-linux-x86_64 | 0.5-0 | 42.18 | 160.78 | 202.96 | OK | |
r-release-macos-arm64 | 0.5-0 | 61.00 | NOTE | |||
r-release-macos-x86_64 | 0.5-0 | 84.00 | NOTE | |||
r-release-windows-x86_64 | 0.5-0 | 181.00 | 221.00 | 402.00 | OK | |
r-oldrel-macos-arm64 | 0.5-0 | 57.00 | NOTE | |||
r-oldrel-macos-x86_64 | 0.5-0 | 86.00 | NOTE | |||
r-oldrel-windows-ix86+x86_64 | 0.5-0 | 111.00 | 227.00 | 338.00 | OK |
Version: 0.5-0
Check: installed package size
Result: NOTE
installed size is 6.8Mb
sub-directories of 1Mb or more:
libs 6.3Mb
Flavors: r-release-macos-arm64, r-release-macos-x86_64, r-oldrel-macos-arm64, r-oldrel-macos-x86_64