CRAN Package Check Results for Package RcppSimdJson

Last updated on 2022-01-26 11:53:49 CET.

Flavor Version Tinstall Tcheck Ttotal Status Flags
r-devel-linux-x86_64-debian-clang 0.1.6 135.28 54.89 190.17 OK
r-devel-linux-x86_64-debian-gcc 0.1.6 95.17 42.89 138.06 OK
r-devel-linux-x86_64-fedora-clang 0.1.6 262.63 NOTE
r-devel-linux-x86_64-fedora-gcc 0.1.6 239.68 OK
r-devel-windows-x86_64-new-UL 0.1.6 276.00 111.00 387.00 NOTE
r-devel-windows-x86_64-new-TK 0.1.6 OK
r-patched-linux-x86_64 0.1.6 108.00 52.77 160.77 OK
r-release-linux-x86_64 0.1.6 109.44 52.54 161.98 OK
r-release-macos-arm64 0.1.6 NOTE
r-release-macos-x86_64 0.1.6 NOTE
r-release-windows-ix86+x86_64 0.1.6 253.00 131.00 384.00 NOTE
r-oldrel-macos-x86_64 0.1.6 NOTE
r-oldrel-windows-ix86+x86_64 0.1.6 251.00 134.00 385.00 NOTE

Check Details

Version: 0.1.6
Check: installed package size
Result: NOTE
     installed size is 16.7Mb
     sub-directories of 1Mb or more:
     include 1.5Mb
     jsonexamples 3.8Mb
     libs 11.0Mb
Flavors: r-devel-linux-x86_64-fedora-clang, r-devel-windows-x86_64-new-UL, r-release-macos-arm64, r-release-macos-x86_64, r-release-windows-ix86+x86_64, r-oldrel-macos-x86_64, r-oldrel-windows-ix86+x86_64