Last updated on 2023-09-26 17:09:27 CEST.
Flavor | Version | Tinstall | Tcheck | Ttotal | Status | Flags |
---|---|---|---|---|---|---|
r-devel-linux-x86_64-debian-clang | 1.4.3.1 | 12.82 | 81.06 | 93.88 | NOTE | |
r-devel-linux-x86_64-debian-gcc | 1.4.3.1 | 10.50 | 61.43 | 71.93 | NOTE | |
r-devel-linux-x86_64-fedora-clang | 1.4.3.1 | 120.74 | NOTE | |||
r-devel-linux-x86_64-fedora-gcc | 1.4.3.1 | 132.22 | NOTE | |||
r-devel-windows-x86_64 | 1.4.3.1 | 12.00 | 116.00 | 128.00 | NOTE | |
r-patched-linux-x86_64 | 1.4.3.1 | 16.04 | 80.87 | 96.91 | NOTE | |
r-release-linux-x86_64 | 1.4.3.1 | 11.74 | 79.23 | 90.97 | NOTE | |
r-release-macos-arm64 | 1.4.3.1 | 42.00 | NOTE | |||
r-release-macos-x86_64 | 1.4.3.1 | 80.00 | NOTE | |||
r-release-windows-x86_64 | 1.4.3.1 | 12.00 | 112.00 | 124.00 | NOTE | |
r-oldrel-macos-arm64 | 1.4.3.1 | 43.00 | NOTE | |||
r-oldrel-macos-x86_64 | 1.4.3.1 | 58.00 | NOTE | |||
r-oldrel-windows-x86_64 | 1.4.3.1 | 18.00 | 118.00 | 136.00 | NOTE |
Version: 1.4.3.1
Check: LazyData
Result: NOTE
'LazyData' is specified without a 'data' directory
Flavors: r-devel-linux-x86_64-debian-clang, r-devel-linux-x86_64-debian-gcc, r-devel-linux-x86_64-fedora-clang, r-devel-linux-x86_64-fedora-gcc, r-devel-windows-x86_64, r-patched-linux-x86_64, r-release-linux-x86_64, r-release-macos-arm64, r-release-macos-x86_64, r-release-windows-x86_64, r-oldrel-macos-arm64, r-oldrel-macos-x86_64, r-oldrel-windows-x86_64