Last updated on 2023-03-28 12:54:51 CEST.
Flavor | Version | Tinstall | Tcheck | Ttotal | Status | Flags |
---|---|---|---|---|---|---|
r-devel-linux-x86_64-debian-clang | 0.4-1 | 49.30 | 225.83 | 275.13 | NOTE | |
r-devel-linux-x86_64-debian-gcc | 0.4-1 | 40.16 | 166.62 | 206.78 | NOTE | |
r-devel-linux-x86_64-fedora-clang | 0.4-1 | 344.35 | NOTE | |||
r-devel-linux-x86_64-fedora-gcc | 0.4-1 | 346.81 | NOTE | |||
r-patched-linux-x86_64 | 0.4-1 | 43.98 | 209.39 | 253.37 | NOTE | |
r-release-linux-x86_64 | 0.4-1 | 44.13 | 213.29 | 257.42 | OK | |
r-release-macos-arm64 | 0.4-1 | 71.00 | OK | |||
r-release-macos-x86_64 | 0.4-1 | 93.00 | OK | |||
r-release-windows-x86_64 | 0.4-1 | 56.00 | 236.00 | 292.00 | OK | |
r-oldrel-macos-arm64 | 0.4-1 | 62.00 | OK | |||
r-oldrel-macos-x86_64 | 0.4-1 | 95.00 | OK | |||
r-oldrel-windows-ix86+x86_64 | 0.4-1 | 114.00 | 299.00 | 413.00 | OK |
Version: 0.4-1
Check: C++ specification
Result: NOTE
Specified C++11: please drop specification unless essential
Flavors: r-devel-linux-x86_64-debian-clang, r-devel-linux-x86_64-debian-gcc, r-devel-linux-x86_64-fedora-clang, r-devel-linux-x86_64-fedora-gcc, r-patched-linux-x86_64