Last updated on 2023-10-03 09:08:27 CEST.
Flavor | Version | Tinstall | Tcheck | Ttotal | Status | Flags |
---|---|---|---|---|---|---|
r-devel-linux-x86_64-debian-clang | 1.1.1 | 17.48 | 161.40 | 178.88 | OK | |
r-devel-linux-x86_64-debian-gcc | 1.1.1 | 12.48 | 116.69 | 129.17 | OK | |
r-devel-linux-x86_64-fedora-clang | 1.1.1 | 227.52 | OK | |||
r-devel-linux-x86_64-fedora-gcc | 1.1.1 | 208.06 | OK | |||
r-devel-windows-x86_64 | 1.1.1 | 15.00 | 139.00 | 154.00 | OK | |
r-patched-linux-x86_64 | 1.1.1 | 10.08 | 154.09 | 164.17 | OK | |
r-release-linux-x86_64 | 1.1.1 | 12.19 | 155.46 | 167.65 | OK | |
r-release-macos-arm64 | 1.1.1 | 63.00 | OK | |||
r-release-macos-x86_64 | 1.1.1 | 116.00 | OK | |||
r-release-windows-x86_64 | 1.1.1 | 22.00 | 175.00 | 197.00 | OK | |
r-oldrel-macos-arm64 | 1.1.1 | 8.00 | ERROR | |||
r-oldrel-macos-x86_64 | 1.1.1 | 43.00 | ERROR | |||
r-oldrel-windows-x86_64 | 1.1.1 | 18.00 | 176.00 | 194.00 | OK |
Version: 1.1.1
Check: package dependencies
Result: ERROR
Package required and available but unsuitable version: ‘ggtree’
See section ‘The DESCRIPTION file’ in the ‘Writing R Extensions’
manual.
Flavors: r-oldrel-macos-arm64, r-oldrel-macos-x86_64