CRAN Package Check Results for Package ReviewR

Last updated on 2021-11-28 15:48:52 CET.

Flavor Version Tinstall Tcheck Ttotal Status Flags
r-devel-linux-x86_64-debian-clang 2.3.7 OK
r-devel-linux-x86_64-debian-gcc 2.3.7 17.99 101.01 119.00 OK
r-devel-linux-x86_64-fedora-clang 2.3.7 209.92 NOTE
r-devel-linux-x86_64-fedora-gcc 2.3.7 185.99 NOTE
r-devel-windows-x86_64-new-UL 2.3.7 43.00 204.00 247.00 OK
r-devel-windows-x86_64-new-TK 2.3.7 NOTE
r-devel-windows-x86_64-old 2.3.7 29.00 136.00 165.00 OK
r-patched-linux-x86_64 2.3.7 19.93 135.33 155.26 OK
r-patched-solaris-x86 2.3.7 259.00 NOTE
r-release-linux-x86_64 2.3.7 20.14 134.45 154.59 OK
r-release-macos-arm64 2.3.7 NOTE
r-release-macos-x86_64 2.3.7 NOTE
r-release-windows-ix86+x86_64 2.3.7 46.00 172.00 218.00 OK
r-oldrel-macos-x86_64 2.3.7 NOTE
r-oldrel-windows-ix86+x86_64 2.3.7 44.00 170.00 214.00 OK

Check Details

Version: 2.3.7
Check: package dependencies
Result: NOTE
    Imports includes 30 non-default packages.
    Importing from so many packages makes the package vulnerable to any of
    them becoming unavailable. Move as many as possible to Suggests and
    use conditionally.
Flavor: r-devel-linux-x86_64-fedora-clang

Version: 2.3.7
Check: dependencies in R code
Result: NOTE
    Namespace in Imports field not imported from: ‘pkgload’
     All declared Imports should be used.
Flavors: r-devel-linux-x86_64-fedora-clang, r-devel-linux-x86_64-fedora-gcc, r-devel-windows-x86_64-new-TK, r-patched-solaris-x86, r-release-macos-arm64, r-release-macos-x86_64, r-oldrel-macos-x86_64

Version: 2.3.7
Check: data for non-ASCII characters
Result: NOTE
     Note: found 26 marked UTF-8 strings
Flavors: r-devel-linux-x86_64-fedora-clang, r-devel-linux-x86_64-fedora-gcc, r-devel-windows-x86_64-new-TK, r-patched-solaris-x86, r-release-macos-arm64, r-release-macos-x86_64, r-oldrel-macos-x86_64