CRAN Package Check Results for Package Riex

Last updated on 2024-03-02 07:50:13 CET.

Flavor Version Tinstall Tcheck Ttotal Status Flags
r-devel-linux-x86_64-debian-clang 1.0.2 5.83 72.97 78.80 NOTE
r-devel-linux-x86_64-debian-gcc 1.0.2 6.24 54.75 60.99 NOTE
r-devel-linux-x86_64-fedora-clang 1.0.2 103.63 NOTE
r-devel-linux-x86_64-fedora-gcc 1.0.2 113.64 NOTE
r-devel-windows-x86_64 1.0.2 8.00 73.00 81.00 OK
r-patched-linux-x86_64 1.0.2 7.08 69.55 76.63 OK
r-release-linux-x86_64 1.0.2 4.85 70.32 75.17 OK
r-release-macos-arm64 1.0.2 38.00 OK
r-release-macos-x86_64 1.0.2 56.00 OK
r-release-windows-x86_64 1.0.2 10.00 85.00 95.00 OK
r-oldrel-macos-arm64 1.0.2 28.00 OK
r-oldrel-windows-x86_64 1.0.2 11.00 91.00 102.00 OK

Check Details

Version: 1.0.2
Check: Rd files
Result: NOTE checkRd: (-1) iex.chart.Rd:23: Lost braces; missing escapes or markup? 23 | r takes only of of the values accepted IN API request. {"5y", "2y", "1y", "ytd", "6m", "3m", "1m", "1d"} | ^ Flavors: r-devel-linux-x86_64-debian-clang, r-devel-linux-x86_64-debian-gcc, r-devel-linux-x86_64-fedora-clang, r-devel-linux-x86_64-fedora-gcc