Last updated on 2023-03-21 07:54:21 CET.
Flavor | Version | Tinstall | Tcheck | Ttotal | Status | Flags |
---|---|---|---|---|---|---|
r-devel-linux-x86_64-debian-clang | 1.0.2 | OK | ||||
r-devel-linux-x86_64-debian-gcc | 1.0.2 | 20.97 | 22.69 | 43.66 | OK | |
r-devel-linux-x86_64-fedora-clang | 1.0.2 | 82.58 | NOTE | |||
r-devel-linux-x86_64-fedora-gcc | 1.0.2 | 73.51 | NOTE | |||
r-patched-linux-x86_64 | 1.0.2 | 23.50 | 29.49 | 52.99 | OK | |
r-release-linux-x86_64 | 1.0.2 | 24.38 | 29.10 | 53.48 | OK | |
r-release-macos-arm64 | 1.0.2 | 20.00 | OK | |||
r-release-macos-x86_64 | 1.0.2 | 33.00 | OK | |||
r-oldrel-macos-arm64 | 1.0.2 | 24.00 | OK | |||
r-oldrel-macos-x86_64 | 1.0.2 | 45.00 | OK |
Version: 1.0.2
Check: compiled code
Result: NOTE
File ‘Rip46/libs/Rip46.so’:
Found no calls to: ‘R_registerRoutines’, ‘R_useDynamicSymbols’
It is good practice to register native routines and to disable symbol
search.
See ‘Writing portable packages’ in the ‘Writing R Extensions’ manual.
Flavors: r-devel-linux-x86_64-fedora-clang, r-devel-linux-x86_64-fedora-gcc