Last updated on 2023-03-21 03:54:35 CET.
Flavor | Version | Tinstall | Tcheck | Ttotal | Status | Flags |
---|---|---|---|---|---|---|
r-devel-linux-x86_64-debian-clang | 0.1.6.2 | NOTE | ||||
r-devel-linux-x86_64-debian-gcc | 0.1.6.2 | 33.03 | 27.97 | 61.00 | NOTE | |
r-devel-linux-x86_64-fedora-clang | 0.1.6.2 | 109.51 | NOTE | |||
r-devel-linux-x86_64-fedora-gcc | 0.1.6.2 | 99.41 | NOTE | |||
r-devel-windows-x86_64 | 0.1.6.2 | 39.00 | 82.00 | 121.00 | NOTE | |
r-patched-linux-x86_64 | 0.1.6.2 | 28.50 | 34.09 | 62.59 | NOTE | |
r-release-linux-x86_64 | 0.1.6.2 | 30.80 | 34.49 | 65.29 | NOTE | |
r-release-macos-arm64 | 0.1.6.2 | 11.00 | ERROR | |||
r-release-macos-x86_64 | 0.1.6.2 | 15.00 | ERROR | |||
r-release-windows-x86_64 | 0.1.6.2 | 38.00 | 89.00 | 127.00 | NOTE | |
r-oldrel-macos-arm64 | 0.1.6.2 | 16.00 | ERROR | |||
r-oldrel-macos-x86_64 | 0.1.6.2 | 19.00 | ERROR | |||
r-oldrel-windows-ix86+x86_64 | 0.1.6.2 | 86.00 | 88.00 | 174.00 | NOTE |
Version: 0.1.6.2
Check: LazyData
Result: NOTE
'LazyData' is specified without a 'data' directory
Flavors: r-devel-linux-x86_64-debian-clang, r-devel-linux-x86_64-debian-gcc, r-devel-linux-x86_64-fedora-clang, r-devel-linux-x86_64-fedora-gcc, r-devel-windows-x86_64, r-patched-linux-x86_64, r-release-linux-x86_64, r-release-windows-x86_64, r-oldrel-windows-ix86+x86_64
Version: 0.1.6.2
Check: whether package can be installed
Result: ERROR
Installation failed.
Flavors: r-release-macos-arm64, r-release-macos-x86_64, r-oldrel-macos-arm64, r-oldrel-macos-x86_64