CRAN Package Check Results for Package Rmixmod

Last updated on 2021-09-27 12:51:16 CEST.

Flavor Version Tinstall Tcheck Ttotal Status Flags
r-devel-linux-x86_64-debian-clang 2.1.5 547.40 66.61 614.01 WARN
r-devel-linux-x86_64-debian-gcc 2.1.5 402.45 74.76 477.21 WARN
r-devel-linux-x86_64-fedora-clang 2.1.5 930.38 NOTE
r-devel-linux-x86_64-fedora-gcc 2.1.5 862.98 OK
r-devel-windows-x86_64 2.1.5 501.00 107.00 608.00 OK
r-devel-windows-x86_64-gcc10-UCRT 2.1.5 OK
r-patched-linux-x86_64 2.1.5 474.17 90.92 565.09 WARN
r-patched-solaris-x86 2.1.5 821.20 OK
r-release-linux-x86_64 2.1.5 485.35 91.15 576.50 WARN
r-release-macos-arm64 2.1.5 NOTE
r-release-macos-x86_64 2.1.5 NOTE
r-release-windows-ix86+x86_64 2.1.5 1356.00 205.00 1561.00 OK
r-oldrel-macos-x86_64 2.1.5 NOTE
r-oldrel-windows-ix86+x86_64 2.1.5 956.00 151.00 1107.00 OK

Additional issues

clang-UBSAN gcc-UBSAN

Check Details

Version: 2.1.5
Check: top-level files
Result: WARN
     Output from running autoreconf:
     configure.ac:25: warning: AC_OUTPUT should be used without arguments.
     configure.ac:25: You should run autoupdate.
Flavors: r-devel-linux-x86_64-debian-clang, r-devel-linux-x86_64-debian-gcc, r-patched-linux-x86_64, r-release-linux-x86_64

Version: 2.1.5
Check: installed package size
Result: NOTE
     installed size is 34.6Mb
     sub-directories of 1Mb or more:
     libs 33.7Mb
Flavors: r-devel-linux-x86_64-fedora-clang, r-release-macos-arm64, r-release-macos-x86_64, r-oldrel-macos-x86_64