Last updated on 2023-03-31 20:50:24 CEST.
Flavor | Version | Tinstall | Tcheck | Ttotal | Status | Flags |
---|---|---|---|---|---|---|
r-devel-linux-x86_64-debian-clang | 1.3.0 | 40.14 | 144.04 | 184.18 | OK | |
r-devel-linux-x86_64-debian-gcc | 1.3.0 | 34.11 | 107.07 | 141.18 | OK | |
r-devel-linux-x86_64-fedora-clang | 1.3.0 | 238.71 | NOTE | |||
r-devel-linux-x86_64-fedora-gcc | 1.3.0 | 276.69 | NOTE | |||
r-devel-windows-x86_64 | 1.3.0 | 70.00 | 192.00 | 262.00 | OK | |
r-patched-linux-x86_64 | 1.3.0 | 27.21 | 135.86 | 163.07 | OK | |
r-release-linux-x86_64 | 1.3.0 | 31.79 | 134.62 | 166.41 | OK | |
r-release-macos-arm64 | 1.3.0 | 107.00 | NOTE | |||
r-release-macos-x86_64 | 1.3.0 | 185.00 | NOTE | |||
r-release-windows-x86_64 | 1.3.0 | 58.00 | 191.00 | 249.00 | OK | |
r-oldrel-macos-arm64 | 1.3.0 | 109.00 | NOTE | |||
r-oldrel-macos-x86_64 | 1.3.0 | 145.00 | NOTE | |||
r-oldrel-windows-ix86+x86_64 | 1.3.0 | 100.00 | 210.00 | 310.00 | OK |
Version: 1.3.0
Check: dependencies in R code
Result: NOTE
Namespace in Imports field not imported from: ‘impute’
All declared Imports should be used.
Flavors: r-devel-linux-x86_64-fedora-clang, r-devel-linux-x86_64-fedora-gcc, r-release-macos-arm64, r-release-macos-x86_64, r-oldrel-macos-arm64, r-oldrel-macos-x86_64