Last updated on 2023-09-23 01:54:23 CEST.
Flavor | Version | Tinstall | Tcheck | Ttotal | Status | Flags |
---|---|---|---|---|---|---|
r-devel-linux-x86_64-debian-clang | 1.2.0 | 19.24 | 207.78 | 227.02 | OK | |
r-devel-linux-x86_64-debian-gcc | 1.2.0 | 18.73 | 149.57 | 168.30 | OK | |
r-devel-linux-x86_64-fedora-clang | 1.2.0 | 269.68 | NOTE | |||
r-devel-linux-x86_64-fedora-gcc | 1.2.0 | 286.62 | OK | |||
r-devel-windows-x86_64 | 1.2.0 | 19.00 | 154.00 | 173.00 | OK | |
r-patched-linux-x86_64 | 1.2.0 | 19.49 | 200.74 | 220.23 | OK | |
r-release-linux-x86_64 | 1.2.0 | 16.69 | 195.16 | 211.85 | OK | |
r-release-macos-arm64 | 1.2.0 | 76.00 | OK | |||
r-release-macos-x86_64 | 1.2.0 | 128.00 | NOTE | |||
r-release-windows-x86_64 | 1.2.0 | 24.00 | 188.00 | 212.00 | OK | |
r-oldrel-macos-arm64 | 1.2.0 | 69.00 | OK | |||
r-oldrel-macos-x86_64 | 1.2.0 | 113.00 | OK | |||
r-oldrel-windows-x86_64 | 1.2.0 | 25.00 | 193.00 | 218.00 | OK |
Version: 1.2.0
Check: Rd cross-references
Result: NOTE
Undeclared package ‘ROptEst’ in Rd xrefs
Flavor: r-devel-linux-x86_64-fedora-clang
Version: 1.2.0
Check: Rd cross-references
Result: NOTE
Package unavailable to check Rd xrefs: ‘ROptEst’
Flavor: r-release-macos-x86_64