CRAN Package Check Results for Package RobLox

Last updated on 2022-01-26 08:51:29 CET.

Flavor Version Tinstall Tcheck Ttotal Status Flags
r-devel-linux-x86_64-debian-clang 1.2.0 19.46 203.14 222.60 OK
r-devel-linux-x86_64-debian-gcc 1.2.0 17.48 150.53 168.01 OK
r-devel-linux-x86_64-fedora-clang 1.2.0 258.78 NOTE
r-devel-linux-x86_64-fedora-gcc 1.2.0 257.44 OK
r-devel-windows-x86_64-new-UL 1.2.0 53.00 210.00 263.00 OK
r-devel-windows-x86_64-new-TK 1.2.0 OK
r-patched-linux-x86_64 1.2.0 18.73 186.09 204.82 OK
r-release-linux-x86_64 1.2.0 17.28 188.74 206.02 OK
r-release-macos-arm64 1.2.0 OK
r-release-macos-x86_64 1.2.0 OK
r-release-windows-ix86+x86_64 1.2.0 44.00 216.00 260.00 OK
r-oldrel-macos-x86_64 1.2.0 OK
r-oldrel-windows-ix86+x86_64 1.2.0 42.00 212.00 254.00 OK

Check Details

Version: 1.2.0
Check: Rd cross-references
Result: NOTE
    Undeclared package ‘ROptEst’ in Rd xrefs
Flavor: r-devel-linux-x86_64-fedora-clang