Last updated on 2023-09-27 01:05:39 CEST.
Flavor | Version | Tinstall | Tcheck | Ttotal | Status | Flags |
---|---|---|---|---|---|---|
r-devel-linux-x86_64-debian-clang | 1.2.1 | 38.04 | 350.98 | 389.02 | OK | |
r-devel-linux-x86_64-debian-gcc | 1.2.1 | 32.93 | 256.13 | 289.06 | OK | |
r-devel-linux-x86_64-fedora-clang | 1.2.1 | 465.48 | NOTE | |||
r-devel-linux-x86_64-fedora-gcc | 1.2.1 | 482.43 | OK | |||
r-devel-windows-x86_64 | 1.2.1 | 32.00 | 221.00 | 253.00 | OK | |
r-patched-linux-x86_64 | 1.2.1 | 26.68 | 322.20 | 348.88 | OK | |
r-release-linux-x86_64 | 1.2.1 | 25.05 | 325.89 | 350.94 | OK | |
r-release-macos-arm64 | 1.2.1 | 109.00 | NOTE | |||
r-release-macos-x86_64 | 1.2.1 | 283.00 | NOTE | |||
r-release-windows-x86_64 | 1.2.1 | 42.00 | 295.00 | 337.00 | OK | |
r-oldrel-macos-arm64 | 1.2.1 | 109.00 | NOTE | |||
r-oldrel-macos-x86_64 | 1.2.1 | 154.00 | NOTE | |||
r-oldrel-windows-x86_64 | 1.2.1 | 45.00 | 291.00 | 336.00 | OK |
Version: 1.2.1
Check: Rd cross-references
Result: NOTE
Undeclared package ‘distrEx’ in Rd xrefs
Flavor: r-devel-linux-x86_64-fedora-clang
Version: 1.2.1
Check: package dependencies
Result: NOTE
Packages suggested but not available for checking:
'affydata', 'hgu95av2cdf', 'beadarrayExampleData',
'illuminaHumanv3.db'
Flavors: r-release-macos-arm64, r-release-macos-x86_64
Version: 1.2.1
Check: package dependencies
Result: NOTE
Package suggested but not available for checking: ‘illuminaHumanv3.db’
Flavor: r-oldrel-macos-arm64
Version: 1.2.1
Check: package dependencies
Result: NOTE
Packages suggested but not available for checking:
'affydata', 'illuminaHumanv3.db'
Flavor: r-oldrel-macos-x86_64