CRAN Package Check Results for Package RobMixReg

Last updated on 2022-07-06 20:53:39 CEST.

Flavor Version Tinstall Tcheck Ttotal Status Flags
r-devel-linux-x86_64-debian-clang 1.1.0 13.22 103.53 116.75 OK
r-devel-linux-x86_64-debian-gcc 1.1.0 9.16 77.32 86.48 OK
r-devel-linux-x86_64-fedora-clang 1.1.0 146.84 WARN
r-devel-linux-x86_64-fedora-gcc 1.1.0 146.42 WARN
r-devel-windows-x86_64 1.1.0 35.00 131.00 166.00 OK
r-patched-linux-x86_64 1.1.0 12.31 98.04 110.35 OK
r-release-linux-x86_64 1.1.0 12.84 97.43 110.27 OK
r-release-macos-arm64 1.1.0 41.00 NOTE
r-release-macos-x86_64 1.1.0 68.00 NOTE
r-release-windows-x86_64 1.1.0 46.00 136.00 182.00 OK
r-oldrel-macos-arm64 1.1.0 52.00 NOTE
r-oldrel-macos-x86_64 1.1.0 73.00 NOTE
r-oldrel-windows-ix86+x86_64 1.1.0 27.00 126.00 153.00 OK

Check Details

Version: 1.1.0
Check: package dependencies
Result: WARN
    Requires orphaned package: ‘gtools’
Flavors: r-devel-linux-x86_64-fedora-clang, r-devel-linux-x86_64-fedora-gcc

Version: 1.1.0
Check: dependencies in R code
Result: NOTE
    Namespace in Imports field not imported from: ‘glmnet’
     All declared Imports should be used.
Flavors: r-devel-linux-x86_64-fedora-clang, r-devel-linux-x86_64-fedora-gcc, r-release-macos-arm64, r-release-macos-x86_64, r-oldrel-macos-arm64, r-oldrel-macos-x86_64