CRAN Package Check Results for Package RobMixReg

Last updated on 2024-03-01 11:53:53 CET.

Flavor Version Tinstall Tcheck Ttotal Status Flags
r-devel-linux-x86_64-debian-clang 1.1.0 12.14 97.08 109.22 OK
r-devel-linux-x86_64-debian-gcc 1.1.0 9.87 72.50 82.37 OK
r-devel-linux-x86_64-fedora-clang 1.1.0 139.68 NOTE
r-devel-linux-x86_64-fedora-gcc 1.1.0 129.34 NOTE
r-devel-windows-x86_64 1.1.0 12.00 87.00 99.00 OK
r-patched-linux-x86_64 1.1.0 12.70 93.42 106.12 OK
r-release-linux-x86_64 1.1.0 10.31 92.90 103.21 OK
r-release-macos-arm64 1.1.0 42.00 OK
r-release-macos-x86_64 1.1.0 65.00 OK
r-release-windows-x86_64 1.1.0 15.00 105.00 120.00 OK
r-oldrel-macos-arm64 1.1.0 41.00 NOTE
r-oldrel-windows-x86_64 1.1.0 17.00 106.00 123.00 OK

Check Details

Version: 1.1.0
Check: dependencies in R code
Result: NOTE Namespace in Imports field not imported from: ‘glmnet’ All declared Imports should be used. Flavors: r-devel-linux-x86_64-fedora-clang, r-devel-linux-x86_64-fedora-gcc, r-oldrel-macos-arm64