Last updated on 2025-01-25 15:49:23 CET.
Flavor | Version | Tinstall | Tcheck | Ttotal | Status | Flags |
---|---|---|---|---|---|---|
r-devel-linux-x86_64-debian-clang | 0.5.5 | 47.84 | 69.82 | 117.66 | OK | |
r-devel-linux-x86_64-debian-gcc | 0.5.5 | 38.95 | 45.82 | 84.77 | OK | |
r-devel-linux-x86_64-fedora-clang | 0.5.5 | 193.20 | OK | |||
r-devel-linux-x86_64-fedora-gcc | 0.5.5 | 212.68 | OK | |||
r-devel-windows-x86_64 | 0.5.5 | 49.00 | 114.00 | 163.00 | OK | |
r-patched-linux-x86_64 | 0.5.5 | 51.96 | 67.77 | 119.73 | OK | |
r-release-linux-x86_64 | 0.5.5 | 50.96 | 67.19 | 118.15 | OK | |
r-release-macos-arm64 | 0.5.5 | 61.00 | NOTE | |||
r-release-macos-x86_64 | 0.5.5 | 104.00 | NOTE | |||
r-release-windows-x86_64 | 0.5.5 | 47.00 | 114.00 | 161.00 | OK | |
r-oldrel-macos-arm64 | 0.5.5 | 57.00 | NOTE | |||
r-oldrel-macos-x86_64 | 0.5.5 | 107.00 | NOTE | |||
r-oldrel-windows-x86_64 | 0.5.5 | 55.00 | 138.00 | 193.00 | OK |
Version: 0.5.5
Check: installed package size
Result: NOTE
installed size is 22.6Mb
sub-directories of 1Mb or more:
libs 22.0Mb
Flavors: r-release-macos-arm64, r-release-macos-x86_64, r-oldrel-macos-arm64, r-oldrel-macos-x86_64