CRAN Package Check Results for Package Rook

Last updated on 2021-11-28 19:49:03 CET.

Flavor Version Tinstall Tcheck Ttotal Status Flags
r-devel-linux-x86_64-debian-clang 1.1-1 OK
r-devel-linux-x86_64-debian-gcc 1.1-1 4.14 25.43 29.57 OK
r-devel-linux-x86_64-fedora-clang 1.1-1 60.65 NOTE
r-devel-linux-x86_64-fedora-gcc 1.1-1 46.62 NOTE
r-devel-windows-x86_64-new-UL 1.1-1 17.00 67.00 84.00 OK
r-devel-windows-x86_64-new-TK 1.1-1 OK
r-devel-windows-x86_64-old 1.1-1 10.00 51.00 61.00 OK
r-patched-linux-x86_64 1.1-1 6.63 30.98 37.61 OK
r-patched-solaris-x86 1.1-1 70.20 OK
r-release-linux-x86_64 1.1-1 5.67 31.33 37.00 OK
r-release-macos-arm64 1.1-1 OK
r-release-macos-x86_64 1.1-1 OK
r-release-windows-ix86+x86_64 1.1-1 14.00 59.00 73.00 OK
r-oldrel-macos-x86_64 1.1-1 OK
r-oldrel-windows-ix86+x86_64 1.1-1 10.00 56.00 66.00 OK

Additional issues

rchk

Check Details

Version: 1.1-1
Check: compiled code
Result: NOTE
    File ‘Rook/libs/Rook.so’:
     Found no call to: ‘R_useDynamicSymbols’
    
    It is good practice to register native routines and to disable symbol
    search.
    
    See ‘Writing portable packages’ in the ‘Writing R Extensions’ manual.
Flavors: r-devel-linux-x86_64-fedora-clang, r-devel-linux-x86_64-fedora-gcc