CRAN Package Check Results for Package Rprofet

Last updated on 2024-03-03 04:12:31 CET.

Flavor Version Tinstall Tcheck Ttotal Status Flags
r-devel-linux-x86_64-debian-clang 2.2.1 8.03 93.10 101.13 NOTE
r-devel-linux-x86_64-debian-gcc 3.1.1 7.59 262.18 269.77 OK
r-devel-linux-x86_64-fedora-clang 3.1.1 461.01 NOTE
r-devel-linux-x86_64-fedora-gcc 3.1.1 471.11 NOTE
r-devel-windows-x86_64 3.1.1 10.00 192.00 202.00 OK
r-patched-linux-x86_64 3.1.1 8.83 329.93 338.76 OK
r-release-linux-x86_64 3.1.1 5.72 329.44 335.16 OK
r-release-macos-arm64 2.2.1 40.00 NOTE
r-release-macos-x86_64 3.1.1 353.00 OK
r-release-windows-x86_64 3.1.1 13.00 551.00 564.00 OK
r-oldrel-macos-arm64 2.2.1 34.00 NOTE
r-oldrel-windows-x86_64 3.1.1 11.00 790.00 801.00 OK

Check Details

Version: 2.2.1
Check: LazyData
Result: NOTE 'LazyData' is specified without a 'data' directory Flavors: r-devel-linux-x86_64-debian-clang, r-release-macos-arm64, r-oldrel-macos-arm64

Version: 3.1.1
Check: dependencies in R code
Result: NOTE Namespaces in Imports field not imported from: ‘ROCit’ ‘corrplot’ ‘kableExtra’ ‘purrr’ ‘reshape2’ All declared Imports should be used. Flavors: r-devel-linux-x86_64-fedora-clang, r-devel-linux-x86_64-fedora-gcc