CRAN Package Check Results for Package Rserve

Last updated on 2024-07-16 00:56:11 CEST.

Flavor Version Tinstall Tcheck Ttotal Status Flags
r-devel-linux-x86_64-debian-clang 1.8-13 33.74 25.86 59.60 NOTE
r-devel-linux-x86_64-debian-gcc 1.8-13 25.85 19.97 45.82 NOTE
r-devel-linux-x86_64-fedora-clang 1.8-13 60.78 NOTE
r-devel-linux-x86_64-fedora-gcc 1.8-13 67.10 NOTE
r-devel-windows-x86_64 1.8-13 66.00 95.00 161.00 NOTE
r-patched-linux-x86_64 1.8-13 29.56 25.32 54.88 NOTE
r-release-linux-x86_64 1.8-13 30.90 25.30 56.20 NOTE
r-release-macos-arm64 1.8-13 38.00 WARN
r-release-macos-x86_64 1.8-13 59.00 WARN
r-release-windows-x86_64 1.8-13 64.00 94.00 158.00 NOTE
r-oldrel-macos-arm64 1.8-13 54.00 WARN
r-oldrel-macos-x86_64 1.8-13 88.00 WARN
r-oldrel-windows-x86_64 1.8-13 77.00 109.00 186.00 NOTE

Check Details

Version: 1.8-13
Check: for GNU extensions in Makefiles
Result: NOTE GNU make is a SystemRequirements. Flavors: r-devel-linux-x86_64-debian-clang, r-devel-linux-x86_64-debian-gcc, r-devel-linux-x86_64-fedora-clang, r-devel-linux-x86_64-fedora-gcc, r-devel-windows-x86_64, r-patched-linux-x86_64, r-release-linux-x86_64, r-release-macos-arm64, r-release-macos-x86_64, r-release-windows-x86_64, r-oldrel-macos-arm64, r-oldrel-macos-x86_64, r-oldrel-windows-x86_64

Version: 1.8-13
Check: compiled code
Result: NOTE Note: information on .o files is not available File ‘/home/hornik/tmp/R.check/r-devel-clang/Work/build/Packages/Rserve/libs/Rserve.so’: Found ‘exit’, possibly from ‘exit’ (C) Found ‘rand’, possibly from ‘rand’ (C) Found ‘random’, possibly from ‘random’ (C) Found ‘srandom’, possibly from ‘srandom’ (C) Found ‘stderr’, possibly from ‘stderr’ (C) File ‘Rserve/libs/Rserve.so’: Found non-API calls to R: ‘R_Consolefile’, ‘R_InputHandlers’, ‘R_Outputfile’, ‘R_TempDir’, ‘R_Visible’, ‘R_curErrorBuf’, ‘ptr_R_Busy’, ‘ptr_R_ClearerrConsole’, ‘ptr_R_FlushConsole’, ‘ptr_R_ReadConsole’, ‘ptr_R_ResetConsole’, ‘ptr_R_ShowMessage’, ‘ptr_R_WriteConsole’, ‘ptr_R_WriteConsoleEx’ Compiled code should not call entry points which might terminate R nor write to stdout/stderr instead of to the console, nor use Fortran I/O nor system RNGs nor [v]sprintf. The detected symbols are linked into the code but might come from libraries and not actually be called. Compiled code should not call non-API entry points in R. See ‘Writing portable packages’ in the ‘Writing R Extensions’ manual, and section ‘Moving into C API compliance’ for issues with the use of non-API entry points. Flavor: r-devel-linux-x86_64-debian-clang

Version: 1.8-13
Check: compiled code
Result: NOTE Note: information on .o files is not available File ‘/home/hornik/tmp/R.check/r-devel-gcc/Work/build/Packages/Rserve/libs/Rserve.so’: Found ‘exit’, possibly from ‘exit’ (C) Found ‘rand’, possibly from ‘rand’ (C) Found ‘random’, possibly from ‘random’ (C) Found ‘srandom’, possibly from ‘srandom’ (C) Found ‘stderr’, possibly from ‘stderr’ (C) File ‘Rserve/libs/Rserve.so’: Found non-API calls to R: ‘R_Consolefile’, ‘R_Outputfile’, ‘R_TempDir’, ‘R_Visible’, ‘R_curErrorBuf’, ‘ptr_R_Busy’, ‘ptr_R_ClearerrConsole’, ‘ptr_R_FlushConsole’, ‘ptr_R_ReadConsole’, ‘ptr_R_ResetConsole’, ‘ptr_R_ShowMessage’, ‘ptr_R_WriteConsole’, ‘ptr_R_WriteConsoleEx’ Compiled code should not call entry points which might terminate R nor write to stdout/stderr instead of to the console, nor use Fortran I/O nor system RNGs nor [v]sprintf. The detected symbols are linked into the code but might come from libraries and not actually be called. Compiled code should not call non-API entry points in R. See ‘Writing portable packages’ in the ‘Writing R Extensions’ manual, and section ‘Moving into C API compliance’ for issues with the use of non-API entry points. Flavor: r-devel-linux-x86_64-debian-gcc

Version: 1.8-13
Check: compiled code
Result: NOTE Note: information on .o files is not available File ‘/data/gannet/ripley/R/packages/tests-clang/Rserve.Rcheck/Rserve/libs/Rserve.so’: Found ‘exit’, possibly from ‘exit’ (C) Found ‘rand’, possibly from ‘rand’ (C) Found ‘random’, possibly from ‘random’ (C) Found ‘srandom’, possibly from ‘srandom’ (C) Found ‘stderr’, possibly from ‘stderr’ (C) File ‘Rserve/libs/Rserve.so’: Found non-API calls to R: ‘R_Consolefile’, ‘R_InputHandlers’, ‘R_Outputfile’, ‘R_TempDir’, ‘R_Visible’, ‘R_curErrorBuf’, ‘ptr_R_Busy’, ‘ptr_R_ClearerrConsole’, ‘ptr_R_FlushConsole’, ‘ptr_R_ReadConsole’, ‘ptr_R_ResetConsole’, ‘ptr_R_ShowMessage’, ‘ptr_R_WriteConsole’, ‘ptr_R_WriteConsoleEx’ File ‘Rserve/libs/Rserve.so’: Found no calls to: ‘R_registerRoutines’, ‘R_useDynamicSymbols’ Compiled code should not call entry points which might terminate R nor write to stdout/stderr instead of to the console, nor use Fortran I/O nor system RNGs nor [v]sprintf. The detected symbols are linked into the code but might come from libraries and not actually be called. Compiled code should not call non-API entry points in R. It is good practice to register native routines and to disable symbol search. See ‘Writing portable packages’ in the ‘Writing R Extensions’ manual, and section ‘Moving into C API compliance’ for issues with the use of non-API entry points. Flavor: r-devel-linux-x86_64-fedora-clang

Version: 1.8-13
Check: compiled code
Result: NOTE Note: information on .o files is not available File ‘/data/gannet/ripley/R/packages/tests-devel/Rserve.Rcheck/Rserve/libs/Rserve.so’: Found ‘exit’, possibly from ‘exit’ (C) Found ‘rand’, possibly from ‘rand’ (C) Found ‘random’, possibly from ‘random’ (C) Found ‘srandom’, possibly from ‘srandom’ (C) Found ‘stderr’, possibly from ‘stderr’ (C) File ‘Rserve/libs/Rserve.so’: Found non-API calls to R: ‘R_Consolefile’, ‘R_InputHandlers’, ‘R_Outputfile’, ‘R_TempDir’, ‘R_Visible’, ‘R_curErrorBuf’, ‘ptr_R_Busy’, ‘ptr_R_ClearerrConsole’, ‘ptr_R_FlushConsole’, ‘ptr_R_ReadConsole’, ‘ptr_R_ResetConsole’, ‘ptr_R_ShowMessage’, ‘ptr_R_WriteConsole’, ‘ptr_R_WriteConsoleEx’ File ‘Rserve/libs/Rserve.so’: Found no calls to: ‘R_registerRoutines’, ‘R_useDynamicSymbols’ Compiled code should not call entry points which might terminate R nor write to stdout/stderr instead of to the console, nor use Fortran I/O nor system RNGs nor [v]sprintf. The detected symbols are linked into the code but might come from libraries and not actually be called. Compiled code should not call non-API entry points in R. It is good practice to register native routines and to disable symbol search. See ‘Writing portable packages’ in the ‘Writing R Extensions’ manual, and section ‘Moving into C API compliance’ for issues with the use of non-API entry points. Flavor: r-devel-linux-x86_64-fedora-gcc

Version: 1.8-13
Check: installed package size
Result: NOTE installed size is 18.6Mb sub-directories of 1Mb or more: libs 17.6Mb Flavors: r-devel-windows-x86_64, r-release-macos-arm64, r-release-macos-x86_64, r-release-windows-x86_64, r-oldrel-macos-arm64, r-oldrel-macos-x86_64, r-oldrel-windows-x86_64

Version: 1.8-13
Check: compiled code
Result: NOTE Note: information on .o files for x64 is not available File 'd:/Rcompile/CRANpkg/lib/4.5/Rserve/libs/x64/Rserve.dll': Found '_exit', possibly from '_exit' (C) Found 'abort', possibly from 'abort' (C), 'runtime' (Fortran) Found 'exit', possibly from 'exit' (C), 'stop' (Fortran) Found 'rand', possibly from 'rand' (C) Found 'srand', possibly from 'srand' (C) File 'Rserve/libs/x64/Rserve.dll': Found non-API calls to R: 'R_Interactive', 'R_Visible', 'R_curErrorBuf', 'Rf_initialize_R', 'setup_Rmainloop' Compiled code should not call entry points which might terminate R nor write to stdout/stderr instead of to the console, nor use Fortran I/O nor system RNGs nor [v]sprintf. The detected symbols are linked into the code but might come from libraries and not actually be called. Compiled code should not call non-API entry points in R. See 'Writing portable packages' in the 'Writing R Extensions' manual, and section 'Moving into C API compliance' for issues with the use of non-API entry points. Flavor: r-devel-windows-x86_64

Version: 1.8-13
Check: compiled code
Result: NOTE Note: information on .o files is not available File ‘/home/hornik/tmp/R.check/r-patched-gcc/Work/build/Packages/Rserve/libs/Rserve.so’: Found ‘exit’, possibly from ‘exit’ (C) Found ‘rand’, possibly from ‘rand’ (C) Found ‘random’, possibly from ‘random’ (C) Found ‘srandom’, possibly from ‘srandom’ (C) Found ‘stderr’, possibly from ‘stderr’ (C) File ‘Rserve/libs/Rserve.so’: Found non-API calls to R: ‘R_Consolefile’, ‘R_InputHandlers’, ‘R_Outputfile’, ‘R_TempDir’, ‘R_Visible’, ‘addInputHandler’, ‘ptr_R_Busy’, ‘ptr_R_ClearerrConsole’, ‘ptr_R_FlushConsole’, ‘ptr_R_ReadConsole’, ‘ptr_R_ResetConsole’, ‘ptr_R_ShowMessage’, ‘ptr_R_WriteConsole’, ‘ptr_R_WriteConsoleEx’ Compiled code should not call entry points which might terminate R nor write to stdout/stderr instead of to the console, nor use Fortran I/O nor system RNGs nor [v]sprintf. The detected symbols are linked into the code but might come from libraries and not actually be called. Compiled code should not call non-API entry points in R. See ‘Writing portable packages’ in the ‘Writing R Extensions’ manual. Flavor: r-patched-linux-x86_64

Version: 1.8-13
Check: compiled code
Result: NOTE Note: information on .o files is not available File ‘/home/hornik/tmp/R.check/r-release-gcc/Work/build/Packages/Rserve/libs/Rserve.so’: Found ‘exit’, possibly from ‘exit’ (C) Found ‘rand’, possibly from ‘rand’ (C) Found ‘random’, possibly from ‘random’ (C) Found ‘srandom’, possibly from ‘srandom’ (C) Found ‘stderr’, possibly from ‘stderr’ (C) File ‘Rserve/libs/Rserve.so’: Found non-API calls to R: ‘R_Consolefile’, ‘R_InputHandlers’, ‘R_Outputfile’, ‘R_TempDir’, ‘R_Visible’, ‘addInputHandler’, ‘ptr_R_Busy’, ‘ptr_R_ClearerrConsole’, ‘ptr_R_FlushConsole’, ‘ptr_R_ReadConsole’, ‘ptr_R_ResetConsole’, ‘ptr_R_ShowMessage’, ‘ptr_R_WriteConsole’, ‘ptr_R_WriteConsoleEx’ Compiled code should not call entry points which might terminate R nor write to stdout/stderr instead of to the console, nor use Fortran I/O nor system RNGs nor [v]sprintf. The detected symbols are linked into the code but might come from libraries and not actually be called. Compiled code should not call non-API entry points in R. See ‘Writing portable packages’ in the ‘Writing R Extensions’ manual. Flavor: r-release-linux-x86_64

Version: 1.8-13
Check: compiled code
Result: WARN Note: information on .o files is not available File ‘/Volumes/Builds/packages/big-sur-arm64/results/4.4/Rserve.Rcheck/Rserve/libs/Rserve.so’: Found ‘___stderrp’, possibly from ‘stderr’ (C) Found ‘_abort’, possibly from ‘abort’ (C) Found ‘_exit’, possibly from ‘exit’ (C) Found ‘_rand’, possibly from ‘rand’ (C) Found ‘_random’, possibly from ‘random’ (C) Found ‘_sprintf’, possibly from ‘sprintf’ (C) Found ‘_srandom’, possibly from ‘srandom’ (C) File ‘Rserve/libs/Rserve.so’: Found non-API calls to R: ‘R_Consolefile’, ‘R_InputHandlers’, ‘R_Outputfile’, ‘R_TempDir’, ‘R_Visible’, ‘addInputHandler’, ‘ptr_R_Busy’, ‘ptr_R_ClearerrConsole’, ‘ptr_R_FlushConsole’, ‘ptr_R_ReadConsole’, ‘ptr_R_ResetConsole’, ‘ptr_R_ShowMessage’, ‘ptr_R_WriteConsole’, ‘ptr_R_WriteConsoleEx’ Compiled code should not call entry points which might terminate R nor write to stdout/stderr instead of to the console, nor use Fortran I/O nor system RNGs nor [v]sprintf. The detected symbols are linked into the code but might come from libraries and not actually be called. Compiled code should not call non-API entry points in R. See ‘Writing portable packages’ in the ‘Writing R Extensions’ manual. Flavor: r-release-macos-arm64

Version: 1.8-13
Check: compiled code
Result: WARN Note: information on .o files is not available File ‘/Volumes/Builds/packages/big-sur-x86_64/results/4.4/Rserve.Rcheck/Rserve/libs/Rserve.so’: Found ‘___stderrp’, possibly from ‘stderr’ (C) Found ‘_abort’, possibly from ‘abort’ (C) Found ‘_exit’, possibly from ‘exit’ (C) Found ‘_rand’, possibly from ‘rand’ (C) Found ‘_random’, possibly from ‘random’ (C) Found ‘_sprintf’, possibly from ‘sprintf’ (C) Found ‘_srandom’, possibly from ‘srandom’ (C) File ‘Rserve/libs/Rserve.so’: Found non-API calls to R: ‘R_Consolefile’, ‘R_InputHandlers’, ‘R_Outputfile’, ‘R_TempDir’, ‘R_Visible’, ‘addInputHandler’, ‘ptr_R_Busy’, ‘ptr_R_ClearerrConsole’, ‘ptr_R_FlushConsole’, ‘ptr_R_ReadConsole’, ‘ptr_R_ResetConsole’, ‘ptr_R_ShowMessage’, ‘ptr_R_WriteConsole’, ‘ptr_R_WriteConsoleEx’ Compiled code should not call entry points which might terminate R nor write to stdout/stderr instead of to the console, nor use Fortran I/O nor system RNGs nor [v]sprintf. The detected symbols are linked into the code but might come from libraries and not actually be called. Compiled code should not call non-API entry points in R. See ‘Writing portable packages’ in the ‘Writing R Extensions’ manual. Flavor: r-release-macos-x86_64

Version: 1.8-13
Check: compiled code
Result: NOTE Note: information on .o files for x64 is not available File 'd:/Rcompile/CRANpkg/lib/4.4/Rserve/libs/x64/Rserve.dll': Found '_exit', possibly from '_exit' (C) Found 'abort', possibly from 'abort' (C), 'runtime' (Fortran) Found 'exit', possibly from 'exit' (C), 'stop' (Fortran) Found 'rand', possibly from 'rand' (C) Found 'srand', possibly from 'srand' (C) File 'Rserve/libs/x64/Rserve.dll': Found non-API calls to R: 'R_Interactive', 'R_Visible', 'Rf_initialize_R', 'setup_Rmainloop' Compiled code should not call entry points which might terminate R nor write to stdout/stderr instead of to the console, nor use Fortran I/O nor system RNGs nor [v]sprintf. The detected symbols are linked into the code but might come from libraries and not actually be called. Compiled code should not call non-API entry points in R. See 'Writing portable packages' in the 'Writing R Extensions' manual. Flavor: r-release-windows-x86_64

Version: 1.8-13
Check: compiled code
Result: WARN Note: information on .o files is not available File ‘/Volumes/Builds/packages/big-sur-arm64/results/4.3/Rserve.Rcheck/Rserve/libs/Rserve.so’: Found ‘___stderrp’, possibly from ‘stderr’ (C) Found ‘_abort’, possibly from ‘abort’ (C) Found ‘_exit’, possibly from ‘exit’ (C) Found ‘_rand’, possibly from ‘rand’ (C) Found ‘_random’, possibly from ‘random’ (C) Found ‘_sprintf’, possibly from ‘sprintf’ (C) Found ‘_srandom’, possibly from ‘srandom’ (C) File ‘Rserve/libs/Rserve.so’: Found non-API calls to R: ‘R_Consolefile’, ‘R_InputHandlers’, ‘R_Outputfile’, ‘R_TempDir’, ‘R_Visible’, ‘addInputHandler’, ‘ptr_R_Busy’, ‘ptr_R_ClearerrConsole’, ‘ptr_R_FlushConsole’, ‘ptr_R_ReadConsole’, ‘ptr_R_ResetConsole’, ‘ptr_R_ShowMessage’, ‘ptr_R_WriteConsole’, ‘ptr_R_WriteConsoleEx’ Compiled code should not call entry points which might terminate R nor write to stdout/stderr instead of to the console, nor use Fortran I/O nor system RNGs nor [v]sprintf. The detected symbols are linked into the code but might come from libraries and not actually be called. Compiled code should not call non-API entry points in R. See ‘Writing portable packages’ in the ‘Writing R Extensions’ manual. Flavor: r-oldrel-macos-arm64

Version: 1.8-13
Check: compiled code
Result: WARN Note: information on .o files is not available File ‘/Volumes/Builds/packages/big-sur-x86_64/results/4.3/Rserve.Rcheck/Rserve/libs/Rserve.so’: Found ‘___stderrp’, possibly from ‘stderr’ (C) Found ‘_abort’, possibly from ‘abort’ (C) Found ‘_exit’, possibly from ‘exit’ (C) Found ‘_rand’, possibly from ‘rand’ (C) Found ‘_random’, possibly from ‘random’ (C) Found ‘_sprintf’, possibly from ‘sprintf’ (C) Found ‘_srandom’, possibly from ‘srandom’ (C) File ‘Rserve/libs/Rserve.so’: Found non-API calls to R: ‘R_Consolefile’, ‘R_InputHandlers’, ‘R_Outputfile’, ‘R_TempDir’, ‘R_Visible’, ‘addInputHandler’, ‘ptr_R_Busy’, ‘ptr_R_ClearerrConsole’, ‘ptr_R_FlushConsole’, ‘ptr_R_ReadConsole’, ‘ptr_R_ResetConsole’, ‘ptr_R_ShowMessage’, ‘ptr_R_WriteConsole’, ‘ptr_R_WriteConsoleEx’ Compiled code should not call entry points which might terminate R nor write to stdout/stderr instead of to the console, nor use Fortran I/O nor system RNGs nor [v]sprintf. The detected symbols are linked into the code but might come from libraries and not actually be called. Compiled code should not call non-API entry points in R. See ‘Writing portable packages’ in the ‘Writing R Extensions’ manual. Flavor: r-oldrel-macos-x86_64

Version: 1.8-13
Check: compiled code
Result: NOTE Note: information on .o files for x64 is not available File 'd:/Rcompile/CRANpkg/lib/4.3/Rserve/libs/x64/Rserve.dll': Found '_exit', possibly from '_exit' (C) Found 'abort', possibly from 'abort' (C), 'runtime' (Fortran) Found 'exit', possibly from 'exit' (C), 'stop' (Fortran) Found 'rand', possibly from 'rand' (C) Found 'srand', possibly from 'srand' (C) File 'Rserve/libs/x64/Rserve.dll': Found non-API calls to R: 'R_Interactive', 'R_Visible', 'Rf_initialize_R', 'setup_Rmainloop' Compiled code should not call entry points which might terminate R nor write to stdout/stderr instead of to the console, nor use Fortran I/O nor system RNGs nor [v]sprintf. The detected symbols are linked into the code but might come from libraries and not actually be called. Compiled code should not call non-API entry points in R. See 'Writing portable packages' in the 'Writing R Extensions' manual. Flavor: r-oldrel-windows-x86_64