CRAN Package Check Results for Package RsqMed

Last updated on 2022-05-22 09:52:27 CEST.

Flavor Version Tinstall Tcheck Ttotal Status Flags
r-devel-linux-x86_64-debian-clang 0.1.7.1 2.63 54.17 56.80 OK
r-devel-linux-x86_64-debian-gcc 0.1.7.1 1.99 41.45 43.44 OK
r-devel-linux-x86_64-fedora-clang 0.1.7.1 67.25 OK
r-devel-linux-x86_64-fedora-gcc 0.1.7.1 71.32 OK
r-devel-windows-x86_64 0.1.7.1 11.00 71.00 82.00 OK
r-patched-linux-x86_64 0.1.7.1 2.64 51.09 53.73 OK
r-release-linux-x86_64 0.1.7.1 2.15 51.89 54.04 OK
r-release-macos-arm64 0.1.7.1 6.00 ERROR
r-release-macos-x86_64 0.1.7.1 29.00 OK
r-release-windows-x86_64 0.1.7.1 9.00 73.00 82.00 OK
r-oldrel-macos-arm64 0.1.7.1 29.00 OK
r-oldrel-macos-x86_64 0.1.7.1 35.00 OK
r-oldrel-windows-ix86+x86_64 0.1.7.1 10.00 68.00 78.00 OK

Check Details

Version: 0.1.7.1
Check: package dependencies
Result: ERROR
    Package required but not available: ‘GMMAT’
    
    See section ‘The DESCRIPTION file’ in the ‘Writing R Extensions’
    manual.
Flavor: r-release-macos-arm64