CRAN Package Check Results for Package RstoxData

Last updated on 2021-11-30 23:51:51 CET.

Flavor Version Tinstall Tcheck Ttotal Status Flags
r-devel-linux-x86_64-debian-clang 1.2.1 49.11 100.75 149.86 OK
r-devel-linux-x86_64-debian-gcc 1.2.1 36.39 78.50 114.89 OK
r-devel-linux-x86_64-fedora-clang 1.2.1 217.99 NOTE
r-devel-linux-x86_64-fedora-gcc 1.2.1 185.85 NOTE
r-devel-windows-x86_64-new-UL 1.2.1 85.00 181.00 266.00 OK
r-devel-windows-x86_64-new-TK 1.2.1 NOTE
r-devel-windows-x86_64-old 1.2.1 71.00 119.00 190.00 OK
r-patched-linux-x86_64 1.2.1 45.02 95.23 140.25 OK
r-patched-solaris-x86 1.2.1 206.40 NOTE
r-release-linux-x86_64 1.2.1 42.71 95.15 137.86 OK
r-release-macos-arm64 1.2.1 NOTE
r-release-macos-x86_64 1.2.1 NOTE
r-release-windows-ix86+x86_64 1.2.1 128.00 152.00 280.00 OK
r-oldrel-macos-x86_64 1.2.1 NOTE
r-oldrel-windows-ix86+x86_64 1.2.1 91.00 149.00 240.00 OK

Check Details

Version: 1.2.1
Check: data for non-ASCII characters
Result: NOTE
     Note: found 117 marked UTF-8 strings
Flavors: r-devel-linux-x86_64-fedora-clang, r-devel-linux-x86_64-fedora-gcc, r-devel-windows-x86_64-new-TK, r-patched-solaris-x86, r-release-macos-arm64, r-release-macos-x86_64, r-oldrel-macos-x86_64

Version: 1.2.1
Check: installed package size
Result: NOTE
     installed size is 5.7Mb
     sub-directories of 1Mb or more:
     libs 4.0Mb
Flavor: r-release-macos-arm64