CRAN Package Check Results for Package Rtrack

Last updated on 2024-03-01 11:53:54 CET.

Flavor Version Tinstall Tcheck Ttotal Status Flags
r-devel-linux-x86_64-debian-clang 2.0.3 66.97 325.67 392.64 OK
r-devel-linux-x86_64-debian-gcc 2.0.3 52.06 242.59 294.65 OK
r-devel-linux-x86_64-fedora-clang 2.0.3 522.81 NOTE
r-devel-linux-x86_64-fedora-gcc 2.0.3 474.42 OK
r-devel-windows-x86_64 2.0.3 53.00 203.00 256.00 NOTE
r-patched-linux-x86_64 2.0.3 41.44 319.63 361.07 OK
r-release-linux-x86_64 2.0.3 46.58 316.58 363.16 OK
r-release-macos-arm64 2.0.3 118.00 NOTE
r-release-macos-x86_64 2.0.3 254.00 NOTE
r-release-windows-x86_64 2.0.3 73.00 272.00 345.00 NOTE
r-oldrel-macos-arm64 2.0.3 116.00 NOTE
r-oldrel-windows-x86_64 2.0.3 75.00 248.00 323.00 NOTE

Check Details

Version: 2.0.3
Check: installed package size
Result: NOTE installed size is 5.2Mb sub-directories of 1Mb or more: R 5.0Mb Flavors: r-devel-linux-x86_64-fedora-clang, r-devel-windows-x86_64, r-release-macos-arm64, r-release-macos-x86_64, r-release-windows-x86_64, r-oldrel-macos-arm64, r-oldrel-windows-x86_64