Last updated on 2023-03-28 12:54:53 CEST.
Flavor | Version | Tinstall | Tcheck | Ttotal | Status | Flags |
---|---|---|---|---|---|---|
r-devel-linux-x86_64-debian-clang | 0.8-3 | 72.89 | 64.39 | 137.28 | NOTE | |
r-devel-linux-x86_64-debian-gcc | 0.8-3 | 67.64 | 49.47 | 117.11 | NOTE | |
r-devel-linux-x86_64-fedora-clang | 0.8-3 | 215.22 | NOTE | |||
r-devel-linux-x86_64-fedora-gcc | 0.8-3 | 210.83 | NOTE | |||
r-patched-linux-x86_64 | 0.8-3 | 68.12 | 61.90 | 130.02 | NOTE | |
r-release-linux-x86_64 | 0.8-3 | 72.19 | 62.48 | 134.67 | OK | |
r-release-macos-arm64 | 0.8-3 | 47.00 | NOTE | |||
r-release-macos-x86_64 | 0.8-3 | 68.00 | NOTE | |||
r-release-windows-x86_64 | 0.8-3 | 112.00 | 124.00 | 236.00 | OK | |
r-oldrel-macos-arm64 | 0.8-3 | 48.00 | NOTE | |||
r-oldrel-macos-x86_64 | 0.8-3 | 65.00 | NOTE | |||
r-oldrel-windows-ix86+x86_64 | 0.8-3 | 187.00 | 125.00 | 312.00 | OK |
Version: 0.8-3
Check: C++ specification
Result: NOTE
Specified C++11: please drop specification unless essential
Flavors: r-devel-linux-x86_64-debian-clang, r-devel-linux-x86_64-debian-gcc, r-devel-linux-x86_64-fedora-clang, r-devel-linux-x86_64-fedora-gcc, r-patched-linux-x86_64
Version: 0.8-3
Check: installed package size
Result: NOTE
installed size is 10.3Mb
sub-directories of 1Mb or more:
libs 9.4Mb
Flavors: r-release-macos-arm64, r-release-macos-x86_64, r-oldrel-macos-arm64, r-oldrel-macos-x86_64