CRAN Package Check Results for Package SAMUR

Last updated on 2021-12-03 15:52:32 CET.

Flavor Version Tinstall Tcheck Ttotal Status Flags
r-devel-linux-x86_64-debian-clang 0.6 2.20 22.07 24.27 NOTE
r-devel-linux-x86_64-debian-gcc 0.6 1.66 17.51 19.17 NOTE
r-devel-linux-x86_64-fedora-clang 0.6 43.33 NOTE
r-devel-linux-x86_64-fedora-gcc 0.6 30.08 NOTE
r-devel-windows-x86_64-new-UL 0.6 6.00 64.00 70.00 NOTE
r-devel-windows-x86_64-new-TK 0.6 NOTE
r-devel-windows-x86_64-old 0.6 4.00 30.00 34.00 NOTE
r-patched-linux-x86_64 0.6 2.01 20.90 22.91 NOTE
r-release-linux-x86_64 0.6 1.93 21.20 23.13 NOTE
r-release-macos-arm64 0.6 NOTE
r-release-macos-x86_64 0.6 NOTE
r-release-windows-ix86+x86_64 0.6 5.00 41.00 46.00 NOTE
r-oldrel-macos-x86_64 0.6 NOTE
r-oldrel-windows-ix86+x86_64 0.6 5.00 40.00 45.00 NOTE

Check Details

Version: 0.6
Check: R code for possible problems
Result: NOTE
    generate.sample.core: no visible global function definition for
     'predict'
    mdh: no visible global function definition for 'model.frame'
    mdh: no visible binding for global variable 'na.fail'
    mdh: no visible global function definition for '.getXlevels'
    mdh: no visible global function definition for 'quantile'
    mdh: no visible global function definition for 'hist'
    predict.mdh: no visible global function definition for 'model.frame'
    samur: no visible global function definition for 'predict'
    Undefined global functions or variables:
     .getXlevels hist model.frame na.fail predict quantile
    Consider adding
     importFrom("graphics", "hist")
     importFrom("stats", ".getXlevels", "model.frame", "na.fail", "predict",
     "quantile")
    to your NAMESPACE file.
Flavors: r-devel-linux-x86_64-debian-clang, r-devel-linux-x86_64-debian-gcc, r-devel-linux-x86_64-fedora-clang, r-devel-linux-x86_64-fedora-gcc, r-devel-windows-x86_64-new-UL, r-devel-windows-x86_64-new-TK, r-devel-windows-x86_64-old, r-patched-linux-x86_64, r-release-linux-x86_64, r-release-macos-arm64, r-release-macos-x86_64, r-release-windows-ix86+x86_64, r-oldrel-macos-x86_64, r-oldrel-windows-ix86+x86_64