Last updated on 2023-03-27 20:52:27 CEST.
Flavor | Version | Tinstall | Tcheck | Ttotal | Status | Flags |
---|---|---|---|---|---|---|
r-devel-linux-x86_64-debian-clang | 1.2 | 19.05 | 29.73 | 48.78 | OK | |
r-devel-linux-x86_64-debian-gcc | 1.2 | 15.69 | 23.78 | 39.47 | OK | |
r-devel-linux-x86_64-fedora-clang | 1.2 | 73.04 | OK | |||
r-devel-linux-x86_64-fedora-gcc | 1.2 | 70.78 | OK | |||
r-patched-linux-x86_64 | 1.2 | 17.14 | 29.12 | 46.26 | OK | |
r-release-linux-x86_64 | 1.2 | 16.85 | 30.44 | 47.29 | OK | |
r-release-macos-arm64 | 1.2 | 20.00 | NOTE | |||
r-release-macos-x86_64 | 1.2 | 30.00 | OK | |||
r-release-windows-x86_64 | 1.2 | 25.00 | 80.00 | 105.00 | OK | |
r-oldrel-macos-arm64 | 1.2 | 24.00 | NOTE | |||
r-oldrel-macos-x86_64 | 1.2 | 46.00 | OK | |||
r-oldrel-windows-ix86+x86_64 | 1.2 | 49.00 | 80.00 | 129.00 | OK |
Version: 1.2
Check: package dependencies
Result: NOTE
Packages suggested but not available for checking: 'pcalg', 'Rgraphviz'
Flavor: r-release-macos-arm64
Version: 1.2
Check: package dependencies
Result: NOTE
Package suggested but not available for checking: ‘pcalg’
Flavor: r-oldrel-macos-arm64