Last updated on 2023-03-20 11:54:00 CET.
Flavor | Version | Tinstall | Tcheck | Ttotal | Status | Flags |
---|---|---|---|---|---|---|
r-devel-linux-x86_64-debian-clang | 1.2.1 | OK | ||||
r-devel-linux-x86_64-debian-gcc | 1.2.1 | 68.36 | 304.32 | 372.68 | OK | |
r-devel-linux-x86_64-fedora-clang | 1.2.1 | 613.89 | NOTE | |||
r-devel-linux-x86_64-fedora-gcc | 1.2.1 | 652.29 | OK | |||
r-devel-windows-x86_64 | 1.2.1 | 126.00 | 470.00 | 596.00 | OK | |
r-patched-linux-x86_64 | 1.2.1 | 85.74 | 379.69 | 465.43 | OK | |
r-release-linux-x86_64 | 1.2.1 | 75.64 | 371.71 | 447.35 | OK | |
r-release-macos-arm64 | 1.2.1 | 115.00 | OK | |||
r-release-macos-x86_64 | 1.2.1 | 190.00 | OK | |||
r-release-windows-x86_64 | 1.2.1 | 104.00 | 447.00 | 551.00 | OK | |
r-oldrel-macos-arm64 | 1.2.1 | 126.00 | OK | |||
r-oldrel-macos-x86_64 | 1.2.1 | 186.00 | OK | |||
r-oldrel-windows-ix86+x86_64 | 1.2.1 | 161.00 | 600.00 | 761.00 | OK |
Version: 1.2.1
Check: Rd cross-references
Result: NOTE
Undeclared package ‘raster’ in Rd xrefs
Flavor: r-devel-linux-x86_64-fedora-clang