Last updated on 2023-03-31 20:50:25 CEST.
Flavor | Version | Tinstall | Tcheck | Ttotal | Status | Flags |
---|---|---|---|---|---|---|
r-devel-linux-x86_64-debian-clang | 2019.2 | 48.03 | 239.08 | 287.11 | OK | |
r-devel-linux-x86_64-debian-gcc | 2019.2 | 37.59 | 178.00 | 215.59 | OK | |
r-devel-linux-x86_64-fedora-clang | 2019.2 | 351.86 | OK | |||
r-devel-linux-x86_64-fedora-gcc | 2019.2 | 346.05 | OK | |||
r-devel-windows-x86_64 | 2019.2 | 107.00 | 303.00 | 410.00 | OK | |
r-patched-linux-x86_64 | 2019.2 | 41.38 | 220.99 | 262.37 | OK | |
r-release-linux-x86_64 | 2019.2 | 42.26 | 226.16 | 268.42 | OK | |
r-release-macos-arm64 | 2019.2 | 91.00 | OK | |||
r-release-macos-x86_64 | 2019.2 | 146.00 | OK | |||
r-release-windows-x86_64 | 2019.2 | 118.00 | 308.00 | 426.00 | OK | |
r-oldrel-macos-arm64 | 2019.2 | 83.00 | OK | |||
r-oldrel-macos-x86_64 | 2019.2 | 148.00 | OK | |||
r-oldrel-windows-ix86+x86_64 | 2019.2 | 101.00 | 348.00 | 449.00 | NOTE |
Version: 2019.2
Check: R code for possible problems
Result: NOTE
Initiating curl with CURL_SSL_BACKEND: openssl
Flavor: r-oldrel-windows-ix86+x86_64