CRAN Package Check Results for Package SELF

Last updated on 2022-01-18 07:52:39 CET.

Flavor Version Tinstall Tcheck Ttotal Status Flags
r-devel-linux-x86_64-debian-clang 0.1.1 22.82 79.49 102.31 NOTE
r-devel-linux-x86_64-debian-gcc 0.1.1 18.00 63.76 81.76 NOTE
r-devel-linux-x86_64-fedora-clang 0.1.1 133.11 NOTE
r-devel-linux-x86_64-fedora-gcc 0.1.1 113.41 NOTE
r-devel-windows-x86_64-new-UL 0.1.1 34.00 117.00 151.00 NOTE
r-devel-windows-x86_64-new-TK 0.1.1 NOTE
r-patched-linux-x86_64 0.1.1 23.91 76.16 100.07 NOTE
r-release-linux-x86_64 0.1.1 NOTE
r-release-macos-arm64 0.1.1 NOTE
r-release-macos-x86_64 0.1.1 NOTE
r-release-windows-ix86+x86_64 0.1.1 58.00 125.00 183.00 NOTE
r-oldrel-macos-x86_64 0.1.1 OK
r-oldrel-windows-ix86+x86_64 0.1.1 57.00 125.00 182.00 OK

Check Details

Version: 0.1.1
Check: LazyData
Result: NOTE
     'LazyData' is specified without a 'data' directory
Flavors: r-devel-linux-x86_64-debian-clang, r-devel-linux-x86_64-debian-gcc, r-devel-linux-x86_64-fedora-clang, r-devel-linux-x86_64-fedora-gcc, r-devel-windows-x86_64-new-UL, r-devel-windows-x86_64-new-TK, r-patched-linux-x86_64, r-release-linux-x86_64, r-release-macos-arm64, r-release-macos-x86_64, r-release-windows-ix86+x86_64