CRAN Package Check Results for Package SGPdata

Last updated on 2025-01-18 23:48:35 CET.

Flavor Version Tinstall Tcheck Ttotal Status Flags
r-devel-linux-x86_64-debian-clang 28.0-0.0 72.84 45.35 118.19 OK
r-devel-linux-x86_64-debian-gcc 28.0-0.0 53.12 32.44 85.56 OK
r-devel-linux-x86_64-fedora-clang 28.0-0.0 182.87 OK
r-devel-linux-x86_64-fedora-gcc 28.0-0.0 195.70 OK
r-devel-windows-x86_64 28.0-0.0 65.00 65.00 130.00 OK
r-patched-linux-x86_64 28.0-0.0 73.36 42.73 116.09 OK
r-release-linux-x86_64 28.0-0.0 72.29 42.88 115.17 OK
r-release-macos-arm64 28.0-0.0 88.00 NOTE
r-release-macos-x86_64 28.0-0.0 236.00 NOTE
r-release-windows-x86_64 28.0-0.0 64.00 66.00 130.00 NOTE
r-oldrel-macos-arm64 28.0-0.0 97.00 NOTE
r-oldrel-macos-x86_64 28.0-0.0 243.00 NOTE
r-oldrel-windows-x86_64 28.0-0.0 63.00 71.00 134.00 NOTE

Check Details

Version: 28.0-0.0
Check: installed package size
Result: NOTE installed size is 7.6Mb sub-directories of 1Mb or more: data 7.5Mb Flavors: r-release-macos-arm64, r-release-macos-x86_64, r-release-windows-x86_64, r-oldrel-macos-arm64, r-oldrel-macos-x86_64, r-oldrel-windows-x86_64