CRAN Package Check Results for Package SHAPforxgboost

Last updated on 2022-01-17 19:49:49 CET.

Flavor Version Tinstall Tcheck Ttotal Status Flags
r-devel-linux-x86_64-debian-clang 0.1.1 11.00 144.73 155.73 OK
r-devel-linux-x86_64-debian-gcc 0.1.1 10.18 108.33 118.51 OK
r-devel-linux-x86_64-fedora-clang 0.1.1 180.81 OK
r-devel-linux-x86_64-fedora-gcc 0.1.1 168.27 OK
r-devel-windows-x86_64-new-UL 0.1.1 35.00 161.00 196.00 OK
r-devel-windows-x86_64-new-TK 0.1.1 ERROR
r-patched-linux-x86_64 0.1.1 11.10 133.71 144.81 OK
r-release-linux-x86_64 0.1.1 OK
r-release-macos-arm64 0.1.1 OK
r-release-macos-x86_64 0.1.1 OK
r-release-windows-ix86+x86_64 0.1.1 29.00 157.00 186.00 OK
r-oldrel-macos-x86_64 0.1.1 OK
r-oldrel-windows-ix86+x86_64 0.1.1 30.00 159.00 189.00 OK

Check Details

Version: 0.1.1
Check: package dependencies
Result: ERROR
    Package required but not available: 'ggpubr'
    
    Package suggested but not available for checking: 'lightgbm'
    
    See section 'The DESCRIPTION file' in the 'Writing R Extensions'
    manual.
Flavor: r-devel-windows-x86_64-new-TK