CRAN Package Check Results for Package SIBERG

Last updated on 2024-02-29 00:00:45 CET.

Flavor Version Tinstall Tcheck Ttotal Status Flags
r-devel-linux-x86_64-debian-clang 2.0.3 2.85 33.65 36.50 OK
r-devel-linux-x86_64-debian-gcc 2.0.3 1.94 26.38 28.32 OK
r-devel-linux-x86_64-fedora-clang 2.0.3 48.30 OK
r-devel-linux-x86_64-fedora-gcc 2.0.3 57.30 OK
r-devel-windows-x86_64 2.0.3 3.00 64.00 67.00 OK
r-patched-linux-x86_64 2.0.3 2.39 33.25 35.64 OK
r-release-linux-x86_64 2.0.3 2.66 33.48 36.14 OK
r-release-macos-arm64 2.0.3 25.00 OK
r-release-macos-x86_64 2.0.3 28.00 NOTE
r-release-windows-x86_64 2.0.3 3.00 61.00 64.00 OK
r-oldrel-macos-arm64 2.0.3 23.00 OK
r-oldrel-windows-x86_64 2.0.3 5.00 69.00 74.00 OK

Check Details

Version: 2.0.3
Check: package dependencies
Result: NOTE Package suggested but not available for checking: ‘edgeR’ Flavor: r-release-macos-x86_64

Version: 2.0.3
Check: re-building of vignette outputs
Result: NOTE Note: skipping ‘SIBER.Rnw’ due to unavailable dependencies: 'edgeR' Flavor: r-release-macos-x86_64