Last updated on 2023-10-02 00:59:16 CEST.
Flavor | Version | Tinstall | Tcheck | Ttotal | Status | Flags |
---|---|---|---|---|---|---|
r-devel-linux-x86_64-debian-clang | 0.0.4 | 51.27 | 274.82 | 326.09 | OK | |
r-devel-linux-x86_64-debian-gcc | 0.0.4 | 40.97 | 196.23 | 237.20 | OK | |
r-devel-linux-x86_64-fedora-clang | 0.0.4 | 414.59 | NOTE | |||
r-devel-linux-x86_64-fedora-gcc | 0.0.4 | 397.01 | NOTE | |||
r-devel-windows-x86_64 | 0.0.4 | 46.00 | 198.00 | 244.00 | NOTE | |
r-patched-linux-x86_64 | 0.0.4 | 47.29 | 259.03 | 306.32 | OK | |
r-release-linux-x86_64 | 0.0.4 | 40.57 | 260.28 | 300.85 | OK | |
r-release-macos-arm64 | 0.0.4 | 120.00 | NOTE | |||
r-release-macos-x86_64 | 0.0.4 | 196.00 | NOTE | |||
r-release-windows-x86_64 | 0.0.4 | 60.00 | 246.00 | 306.00 | NOTE | |
r-oldrel-macos-arm64 | 0.0.4 | 156.00 | NOTE | |||
r-oldrel-macos-x86_64 | 0.0.4 | 196.00 | NOTE | |||
r-oldrel-windows-x86_64 | 0.0.4 | 59.00 | 256.00 | 315.00 | NOTE |
Version: 0.0.4
Check: installed package size
Result: NOTE
installed size is 5.5Mb
sub-directories of 1Mb or more:
data 5.1Mb
Flavors: r-devel-linux-x86_64-fedora-clang, r-devel-windows-x86_64, r-release-macos-arm64, r-release-macos-x86_64, r-release-windows-x86_64, r-oldrel-macos-arm64, r-oldrel-macos-x86_64, r-oldrel-windows-x86_64
Version: 0.0.4
Check: data for non-ASCII characters
Result: NOTE
Note: found 23 marked UTF-8 strings
Flavors: r-devel-linux-x86_64-fedora-clang, r-devel-linux-x86_64-fedora-gcc, r-oldrel-macos-arm64, r-oldrel-macos-x86_64