Last updated on 2023-03-27 20:52:29 CEST.
Flavor | Version | Tinstall | Tcheck | Ttotal | Status | Flags |
---|---|---|---|---|---|---|
r-devel-linux-x86_64-debian-clang | 1.1.1 | 51.74 | 36.42 | 88.16 | NOTE | |
r-devel-linux-x86_64-debian-gcc | 1.1.1 | 39.41 | 27.98 | 67.39 | NOTE | |
r-devel-linux-x86_64-fedora-clang | 1.1.1 | 122.37 | NOTE | |||
r-devel-linux-x86_64-fedora-gcc | 1.1.1 | 115.42 | NOTE | |||
r-patched-linux-x86_64 | 1.1.1 | 43.66 | 35.03 | 78.69 | NOTE | |
r-release-linux-x86_64 | 1.1.1 | 39.71 | 35.44 | 75.15 | OK | |
r-release-macos-arm64 | 1.1.1 | 38.00 | OK | |||
r-release-macos-x86_64 | 1.1.1 | 47.00 | OK | |||
r-release-windows-x86_64 | 1.1.1 | 52.00 | 84.00 | 136.00 | OK | |
r-oldrel-macos-arm64 | 1.1.1 | 46.00 | OK | |||
r-oldrel-macos-x86_64 | 1.1.1 | 49.00 | OK | |||
r-oldrel-windows-ix86+x86_64 | 1.1.1 | 107.00 | 109.00 | 216.00 | OK |
Version: 1.1.1
Check: C++ specification
Result: NOTE
Specified C++11: please drop specification unless essential
Flavors: r-devel-linux-x86_64-debian-clang, r-devel-linux-x86_64-debian-gcc, r-devel-linux-x86_64-fedora-clang, r-devel-linux-x86_64-fedora-gcc, r-patched-linux-x86_64