CRAN Package Check Results for Package SNPknock

Last updated on 2021-12-03 23:50:13 CET.

Flavor Version Tinstall Tcheck Ttotal Status Flags
r-devel-linux-x86_64-debian-clang 0.8.2 65.19 214.44 279.63 OK
r-devel-linux-x86_64-debian-gcc 0.8.2 50.47 150.18 200.65 OK
r-devel-linux-x86_64-fedora-clang 0.8.2 389.16 NOTE
r-devel-linux-x86_64-fedora-gcc 0.8.2 353.17 OK
r-devel-windows-x86_64-new-UL 0.8.2 103.00 271.00 374.00 OK
r-devel-windows-x86_64-new-TK 0.8.2 OK
r-devel-windows-x86_64-old 0.8.2 101.00 215.00 316.00 OK
r-patched-linux-x86_64 0.8.2 58.95 193.03 251.98 OK
r-release-linux-x86_64 0.8.2 60.33 191.62 251.95 OK
r-release-macos-arm64 0.8.2 NOTE
r-release-macos-x86_64 0.8.2 NOTE
r-release-windows-ix86+x86_64 0.8.2 187.00 452.00 639.00 NOTE
r-oldrel-macos-x86_64 0.8.2 NOTE
r-oldrel-windows-ix86+x86_64 0.8.2 190.00 455.00 645.00 NOTE

Check Details

Version: 0.8.2
Check: installed package size
Result: NOTE
     installed size is 5.7Mb
     sub-directories of 1Mb or more:
     extdata 3.1Mb
     libs 2.3Mb
Flavors: r-devel-linux-x86_64-fedora-clang, r-release-macos-arm64, r-release-macos-x86_64, r-release-windows-ix86+x86_64, r-oldrel-macos-x86_64, r-oldrel-windows-ix86+x86_64