CRAN Package Check Results for Package SPARTAAS

Last updated on 2021-10-26 20:51:09 CEST.

Flavor Version Tinstall Tcheck Ttotal Status Flags
r-devel-linux-x86_64-debian-clang 1.0.0 41.01 369.99 411.00 OK
r-devel-linux-x86_64-debian-gcc 1.1.0 37.99 288.98 326.97 OK
r-devel-linux-x86_64-fedora-clang 1.1.0 522.60 NOTE
r-devel-linux-x86_64-fedora-gcc 1.1.0 519.00 OK
r-devel-windows-x86_64 1.1.0 76.00 477.00 553.00 OK
r-devel-windows-x86_64-gcc10-UCRT 1.1.0 OK
r-patched-linux-x86_64 1.1.0 42.56 369.14 411.70 OK
r-patched-solaris-x86 1.1.0 635.10 OK
r-release-linux-x86_64 1.1.0 39.64 373.93 413.57 OK
r-release-macos-arm64 1.1.0 OK
r-release-macos-x86_64 1.1.0 OK
r-release-windows-ix86+x86_64 1.0.0 81.00 444.00 525.00 OK
r-oldrel-macos-x86_64 1.1.0 OK
r-oldrel-windows-ix86+x86_64 1.0.0 83.00 339.00 422.00 OK

Check Details

Version: 1.1.0
Check: package dependencies
Result: NOTE
    Imports includes 31 non-default packages.
    Importing from so many packages makes the package vulnerable to any of
    them becoming unavailable. Move as many as possible to Suggests and
    use conditionally.
Flavor: r-devel-linux-x86_64-fedora-clang