Last updated on 2023-06-05 16:55:08 CEST.
Flavor | Version | Tinstall | Tcheck | Ttotal | Status | Flags |
---|---|---|---|---|---|---|
r-devel-linux-x86_64-debian-clang | 0.1.0 | 9.04 | 83.69 | 92.73 | NOTE | |
r-devel-linux-x86_64-debian-gcc | 0.1.0 | 7.92 | 64.28 | 72.20 | NOTE | |
r-devel-linux-x86_64-fedora-clang | 0.1.0 | 116.30 | NOTE | |||
r-devel-linux-x86_64-fedora-gcc | 0.1.0 | 112.49 | NOTE | |||
r-devel-windows-x86_64 | 0.1.0 | 10.00 | 77.00 | 87.00 | NOTE | |
r-patched-linux-x86_64 | 0.1.0 | 8.30 | 80.62 | 88.92 | NOTE | |
r-release-linux-x86_64 | 0.1.0 | 9.10 | 79.25 | 88.35 | NOTE | |
r-release-macos-arm64 | 0.1.0 | 37.00 | NOTE | |||
r-release-macos-x86_64 | 0.1.0 | 58.00 | NOTE | |||
r-release-windows-x86_64 | 0.1.0 | 14.00 | 91.00 | 105.00 | NOTE | |
r-oldrel-macos-arm64 | 0.1.0 | 34.00 | NOTE | |||
r-oldrel-macos-x86_64 | 0.1.0 | 58.00 | NOTE | |||
r-oldrel-windows-x86_64 | 0.1.0 | 12.00 | 97.00 | 109.00 | NOTE |
Version: 0.1.0
Check: LazyData
Result: NOTE
'LazyData' is specified without a 'data' directory
Flavors: r-devel-linux-x86_64-debian-clang, r-devel-linux-x86_64-debian-gcc, r-devel-linux-x86_64-fedora-clang, r-devel-linux-x86_64-fedora-gcc, r-devel-windows-x86_64, r-patched-linux-x86_64, r-release-linux-x86_64, r-release-macos-arm64, r-release-macos-x86_64, r-release-windows-x86_64, r-oldrel-macos-arm64, r-oldrel-macos-x86_64, r-oldrel-windows-x86_64