CRAN Package Check Results for Package SPOT

Last updated on 2022-01-25 04:00:18 CET.

Flavor Version Tinstall Tcheck Ttotal Status Flags
r-devel-linux-x86_64-debian-clang 2.5.18 21.49 392.24 413.73 OK
r-devel-linux-x86_64-debian-gcc 2.5.18 18.60 313.91 332.51 OK
r-devel-linux-x86_64-fedora-clang 2.5.18 480.98 OK
r-devel-linux-x86_64-fedora-gcc 2.5.18 477.31 OK
r-devel-windows-x86_64-new-UL 2.5.18 159.00 455.00 614.00 OK
r-devel-windows-x86_64-new-TK 2.5.18 ERROR
r-patched-linux-x86_64 2.5.18 24.97 366.92 391.89 OK
r-release-linux-x86_64 2.5.18 20.56 364.92 385.48 OK
r-release-macos-arm64 2.5.18 OK
r-release-macos-x86_64 2.5.18 OK
r-release-windows-ix86+x86_64 2.5.18 41.00 456.00 497.00 OK
r-oldrel-macos-x86_64 2.5.12 OK
r-oldrel-windows-ix86+x86_64 2.5.18 43.00 458.00 501.00 OK

Check Details

Version: 2.5.18
Check: package dependencies
Result: ERROR
    Package required but not available: 'nloptr'
    
    Packages suggested but not available for checking: 'babsim.hospital', 'car'
    
    See section 'The DESCRIPTION file' in the 'Writing R Extensions'
    manual.
Flavor: r-devel-windows-x86_64-new-TK