CRAN Package Check Results for Package SPOT

Last updated on 2023-05-31 01:03:32 CEST.

Flavor Version Tinstall Tcheck Ttotal Status Flags
r-devel-linux-x86_64-debian-clang 2.11.14 25.44 481.99 507.43 OK
r-devel-linux-x86_64-debian-gcc 2.11.14 18.23 361.21 379.44 OK
r-devel-linux-x86_64-fedora-clang 2.11.14 611.62 OK
r-devel-linux-x86_64-fedora-gcc 2.11.14 654.84 OK
r-devel-windows-x86_64 2.11.14 22.00 387.00 409.00 OK
r-patched-linux-x86_64 2.11.14 22.87 458.16 481.03 OK
r-release-linux-x86_64 2.11.14 16.47 457.46 473.93 OK
r-release-macos-arm64 2.11.14 163.00 OK
r-release-macos-x86_64 2.11.14 289.00 NOTE
r-release-windows-x86_64 2.11.14 31.00 511.00 542.00 OK
r-oldrel-macos-arm64 2.11.14 138.00 OK
r-oldrel-macos-x86_64 2.11.14 203.00 OK
r-oldrel-windows-x86_64 2.11.14 30.00 476.00 506.00 OK

Check Details

Version: 2.11.14
Check: package dependencies
Result: NOTE
    Packages suggested but not available for checking: 'car', 'party'
Flavor: r-release-macos-x86_64