CRAN Package Check Results for Package SSDforR

Last updated on 2024-06-12 20:59:16 CEST.

Flavor Version Tinstall Tcheck Ttotal Status Flags
r-devel-linux-x86_64-debian-clang 1.5.34 19.35 121.38 140.73 OK
r-devel-linux-x86_64-debian-gcc 1.5.34 0.36 1.69 2.05 ERROR
r-devel-linux-x86_64-fedora-clang 1.5.34 177.49 OK
r-devel-linux-x86_64-fedora-gcc 1.5.34 158.17 OK
r-devel-windows-x86_64 1.5.34 14.00 131.00 145.00 OK
r-patched-linux-x86_64 1.5.34 18.15 115.03 133.18 OK
r-release-linux-x86_64 1.5.34 10.61 114.98 125.59 OK
r-release-macos-arm64 1.5.34 45.00 OK
r-release-macos-x86_64 1.5.34 74.00 OK
r-release-windows-x86_64 1.5.34 15.00 123.00 138.00 OK
r-oldrel-macos-arm64 1.5.34 46.00 OK
r-oldrel-macos-x86_64 1.5.34 101.00 OK
r-oldrel-windows-x86_64 1.5.34 20.00 161.00 181.00 OK

Check Details

Version: 1.5.34
Check: package dependencies
Result: ERROR Package required but not available: ‘SingleCaseES’ See section ‘The DESCRIPTION file’ in the ‘Writing R Extensions’ manual. Flavor: r-devel-linux-x86_64-debian-gcc