Last updated on 2023-10-01 16:56:13 CEST.
Flavor | Version | Tinstall | Tcheck | Ttotal | Status | Flags |
---|---|---|---|---|---|---|
r-devel-linux-x86_64-debian-clang | 0.0.2 | 36.75 | 314.32 | 351.07 | OK | |
r-devel-linux-x86_64-debian-gcc | 0.0.2 | 24.23 | 226.40 | 250.63 | OK | |
r-devel-linux-x86_64-fedora-clang | 0.0.2 | 421.31 | NOTE | |||
r-devel-linux-x86_64-fedora-gcc | 0.0.2 | 413.98 | OK | |||
r-devel-windows-x86_64 | 0.0.2 | 31.00 | 246.00 | 277.00 | OK | |
r-patched-linux-x86_64 | 0.0.2 | 30.01 | 295.30 | 325.31 | OK | |
r-release-linux-x86_64 | 0.0.2 | 22.46 | 291.02 | 313.48 | OK | |
r-release-macos-arm64 | 0.0.2 | 83.00 | OK | |||
r-release-macos-x86_64 | 0.0.2 | 138.00 | OK | |||
r-release-windows-x86_64 | 0.0.2 | 42.00 | 297.00 | 339.00 | OK | |
r-oldrel-macos-arm64 | 0.0.2 | 67.00 | OK | |||
r-oldrel-macos-x86_64 | 0.0.2 | 97.00 | OK | |||
r-oldrel-windows-x86_64 | 0.0.2 | 40.00 | 294.00 | 334.00 | OK |
Version: 0.0.2
Check: installed package size
Result: NOTE
installed size is 5.0Mb
sub-directories of 1Mb or more:
extdata 4.2Mb
Flavor: r-devel-linux-x86_64-fedora-clang