CRAN Package Check Results for Package SWMPrExtension

Last updated on 2022-01-21 23:49:03 CET.

Flavor Version Tinstall Tcheck Ttotal Status Flags
r-devel-linux-x86_64-debian-clang 2.1.0 20.03 188.93 208.96 OK
r-devel-linux-x86_64-debian-gcc 2.1.0 18.47 140.58 159.05 OK
r-devel-linux-x86_64-fedora-clang 2.1.0 257.51 NOTE
r-devel-linux-x86_64-fedora-gcc 2.1.0 243.14 OK
r-devel-windows-x86_64-new-UL 2.1.0 184.00 244.00 428.00 OK
r-devel-windows-x86_64-new-TK 2.1.0 OK
r-patched-linux-x86_64 2.1.0 25.61 177.24 202.85 OK
r-release-linux-x86_64 2.1.0 16.70 177.51 194.21 OK
r-release-macos-arm64 2.1.0 OK
r-release-macos-x86_64 2.1.0 OK
r-release-windows-ix86+x86_64 2.1.0 57.00 264.00 321.00 OK
r-oldrel-macos-x86_64 2.1.0 OK
r-oldrel-windows-ix86+x86_64 2.1.0 59.00 281.00 340.00 OK

Check Details

Version: 2.1.0
Check: Rd cross-references
Result: NOTE
    Undeclared package ‘sp’ in Rd xrefs
Flavor: r-devel-linux-x86_64-fedora-clang