CRAN Package Check Results for Package SamplingStrata

Last updated on 2021-09-23 08:51:20 CEST.

Flavor Version Tinstall Tcheck Ttotal Status Flags
r-devel-linux-x86_64-debian-clang 1.5-1 10.43 79.08 89.51 OK
r-devel-linux-x86_64-debian-gcc 1.5-1 9.12 59.50 68.62 OK
r-devel-linux-x86_64-fedora-clang 1.5-1 115.98 OK
r-devel-linux-x86_64-fedora-gcc 1.5-1 106.99 OK
r-devel-windows-x86_64 1.5-1 12.00 61.00 73.00 OK --no-vignettes
r-devel-windows-x86_64-gcc10-UCRT 1.5-1 ERROR
r-patched-linux-x86_64 1.5-1 10.79 77.36 88.15 OK
r-patched-solaris-x86 1.5-1 121.00 OK
r-release-linux-x86_64 1.5-1 9.27 77.29 86.56 OK
r-release-macos-arm64 1.5-1 OK
r-release-macos-x86_64 1.5-1 OK
r-release-windows-ix86+x86_64 1.5-1 18.00 57.00 75.00 OK --no-vignettes
r-oldrel-macos-x86_64 1.5-1 OK
r-oldrel-windows-ix86+x86_64 1.5-1 12.00 62.00 74.00 OK --no-vignettes

Check Details

Version: 1.5-1
Check: PDF version of manual
Result: WARN
    LaTeX errors when creating PDF version.
    This typically indicates Rd problems.
Flavor: r-devel-windows-x86_64-gcc10-UCRT

Version: 1.5-1
Check: PDF version of manual without hyperrefs or index
Result: ERROR
    Re-running with no redirection of stdout/stderr.
Flavor: r-devel-windows-x86_64-gcc10-UCRT